000
CDUS45 KBOU 010725
CLIAKO


CLIMATE REPORT
NATIONAL WEATHER SERVICE BOULDER, CO
125 AM MDT WED APR 1 2015


...................................

...THE AKRON CO CLIMATE SUMMARY FOR MARCH 31 2015...

CLIMATE NORMAL PERIOD 1981 TO 2010
CLIMATE RECORD PERIOD 9999 TO 9999


WEATHER ITEM   OBSERVED TIME   RECORD YEAR NORMAL DEPARTURE LAST
                VALUE   (LST)  VALUE       VALUE  FROM      YEAR
                                                  NORMAL
..................................................................
TEMPERATURE (F)
 YESTERDAY
  MAXIMUM         78    324 PM  84    1940  56     22
  MINIMUM         40    534 AM   2    1954  29     11
  AVERAGE         59                        43     16

PRECIPITATION (IN)
  YESTERDAY        0.00          0.29 1955   0.04  -0.04     0.00
  MONTH TO DATE    0.22                      0.87  -0.65     0.43
  SINCE MAR 1      0.22                      0.87  -0.65     0.43
  SINCE JAN 1      0.50                      1.61  -1.11     0.86

DEGREE DAYS
 HEATING
  YESTERDAY        6
  MONTH TO DATE  605

 COOLING
  YESTERDAY        0
  MONTH TO DATE    0
..................................................................


WIND (MPH)
  HIGHEST WIND SPEED    23   HIGHEST WIND DIRECTION     S (180)
  HIGHEST GUST SPEED    32   HIGHEST GUST DIRECTION     S (190)




RELATIVE HUMIDITY (PERCENT)
 HIGHEST    43
 LOWEST      8
 AVERAGE    26

..........................................................


THE AKRON CO CLIMATE NORMALS FOR TODAY
                         NORMAL    RECORD    YEAR
 MAXIMUM TEMPERATURE (F)   56        84      1940
 MINIMUM TEMPERATURE (F)   29         6      1975


SUNRISE AND SUNSET
APRIL  1 2015.........SUNRISE   637 AM MDT   SUNSET   717 PM MDT
APRIL  2 2015.........SUNRISE   636 AM MDT   SUNSET   718 PM MDT


-  INDICATES NEGATIVE NUMBERS.
R  INDICATES RECORD WAS SET OR TIED.
MM INDICATES DATA IS MISSING.
T  INDICATES TRACE AMOUNT.




$$
