000
CDAK48 PAFC 051242
CLIANC

CLIMATE REPORT
NATIONAL WEATHER SERVICE ANCHORAGE, AK
440 AM AKDT TUE MAY 5 2015


...................................

...THE ANCHORAGE AK CLIMATE SUMMARY FOR MAY 4 2015...

CLIMATE NORMAL PERIOD 1981 TO 2010
CLIMATE RECORD PERIOD 1952 TO 2015


WEATHER ITEM   OBSERVED RECORD YEAR NORMAL DEPARTURE LAST
                VALUE   VALUE       VALUE  FROM      YEAR
                                           NORMAL
...........................................................
TEMPERATURE (F)
 YESTERDAY
  MAXIMUM         57     65    2004  52      5       64
  MINIMUM         33     25    1992  36     -3       39
  AVERAGE         45                 44      1       52

PRECIPITATION (IN)
  YESTERDAY        0.00   0.36 2013   0.02  -0.02
  MONTH TO DATE    0.00               0.07  -0.07
  SINCE MAR 1      1.43               1.14   0.29
  SINCE JAN 1      2.51               2.59  -0.08

SNOWFALL (IN)
  YESTERDAY        0.0    0.9  2013   0.0    0.0
  MONTH TO DATE    0.0                0.1   -0.1
  SINCE MAR 1      4.6               14.0   -9.4
  SINCE JUL 1     25.1               74.3  -49.2
  SNOW DEPTH       0

DEGREE DAYS
 HEATING
  YESTERDAY       20                        -1
  MONTH TO DATE   79                        -7
  SINCE MAR 1   1891                      -233
  SINCE JUL 1   8243                     -1210

 COOLING
  YESTERDAY        0                         0
  MONTH TO DATE    0                         0
  SINCE MAR 1      0                         0
  SINCE JAN 1      0                         0
...........................................................


WIND (MPH)
  HIGHEST WIND SPEED    10   HIGHEST WIND DIRECTION    SW (210)
  HIGHEST GUST SPEED    MM   HIGHEST GUST DIRECTION    MM
  AVERAGE WIND SPEED     5.7




RELATIVE HUMIDITY (PERCENT)
 HIGHEST    89
 LOWEST     42
 AVERAGE    66

..........................................................


THE ANCHORAGE AK CLIMATE NORMALS FOR TODAY
                         NORMAL    RECORD    YEAR
 MAXIMUM TEMPERATURE (F)   53        65      2004
                                             1996
 MINIMUM TEMPERATURE (F)   36        27      2001


SUNRISE AND SUNSET
MAY  5 2015...........SUNRISE   540 AM AKDT  SUNSET  1015 PM AKDT
MAY  6 2015...........SUNRISE   537 AM AKDT  SUNSET  1018 PM AKDT

CIVIL TWILIGHT
MAY 5 2015              START   441 AM AKDT     END  1116 PM AKDT
MAY 6 2015              START   437 AM AKDT     END  1120 PM AKDT



-  INDICATES NEGATIVE NUMBERS.
R  INDICATES RECORD WAS SET OR TIED.
MM INDICATES DATA IS MISSING.
T  INDICATES TRACE AMOUNT.




$$
&&
------------------------------------------------------
AMOUNT OF DAYLIGHT TODAY  (HOUR:MIN)........16:35
GAIN/LOSS SINCE YESTERDAY (HOUR:MIN:SEC)....+0:05:28
