000
CDUS43 KAPX 270606
CLIANJ


CLIMATE REPORT
NATIONAL WEATHER SERVICE GAYLORD MI
206 AM EDT MON APR 27 2015


...................................

...THE SAULT STE MARIE MI CLIMATE SUMMARY FOR APRIL 26 2015...

CLIMATE NORMAL PERIOD 1981 TO 2010
CLIMATE RECORD PERIOD 1888 TO 2015


WEATHER ITEM   OBSERVED TIME   RECORD YEAR NORMAL DEPARTURE LAST
                VALUE   (LST)  VALUE       VALUE  FROM      YEAR
                                                  NORMAL
..................................................................
TEMPERATURE (F)
 YESTERDAY
  MAXIMUM         47   1155 AM  84    1990  55     -8       45
  MINIMUM         29    609 AM  18    1907  35     -6       30
  AVERAGE         38                        45     -7       38

PRECIPITATION (IN)
  YESTERDAY        T             2.35 1954   0.07  -0.07     0.13
  MONTH TO DATE    1.74                      2.09  -0.35     3.26
  SINCE MAR 1      3.16                      4.04  -0.88     4.97
  SINCE JAN 1      6.53                      7.57  -1.04     8.33

SNOWFALL (IN)
  YESTERDAY        0.0           3.0  1953   0.1   -0.1      0.5
  MONTH TO DATE    2.6                       6.4   -3.8     11.1
  SINCE OCT 1    168.4                     120.0   48.4    135.4
  SINCE JUL 1    168.4                     120.0   48.4    135.4
  SNOW DEPTH       0

DEGREE DAYS
 HEATING
  YESTERDAY       27                        20      7       27
  MONTH TO DATE  720                       666     54      802
  SINCE MAR 1   2044                      1866    178     2300
  SINCE JUL 1   8823                      7992    831     9080

 COOLING
  YESTERDAY        0                         0      0        0
  MONTH TO DATE    0                         0      0        0
  SINCE MAR 1      0                         0      0        0
  SINCE JAN 1      0                         0      0        0
..................................................................


WIND (MPH)
  HIGHEST WIND SPEED    20   HIGHEST WIND DIRECTION    NW (310)
  HIGHEST GUST SPEED    26   HIGHEST GUST DIRECTION    NW (310)
  AVERAGE WIND SPEED     8.1




RELATIVE HUMIDITY (PERCENT)
 HIGHEST    78
 LOWEST     53
 AVERAGE    66

..........................................................


THE SAULT STE MARIE MI CLIMATE NORMALS FOR TODAY
                         NORMAL    RECORD    YEAR
 MAXIMUM TEMPERATURE (F)   56        84      1990
 MINIMUM TEMPERATURE (F)   36        19      1934


SUNRISE AND SUNSET
APRIL 27 2015.........SUNRISE   630 AM EDT   SUNSET   841 PM EDT
APRIL 28 2015.........SUNRISE   628 AM EDT   SUNSET   842 PM EDT


-  INDICATES NEGATIVE NUMBERS.
R  INDICATES RECORD WAS SET OR TIED.
MM INDICATES DATA IS MISSING.
T  INDICATES TRACE AMOUNT.




$$
