000
CDUS46 KPQR 032321
CLIAST


CLIMATE REPORT
NATIONAL WEATHER SERVICE PORTLAND OREGON
420 PM PDT SUN MAY 3 2015


...................................

...THE ASTORIA OR CLIMATE SUMMARY FOR MAY 3 2015...
VALID TODAY AS OF 0400 PM LOCAL TIME.

CLIMATE NORMAL PERIOD 1981 TO 2010
CLIMATE RECORD PERIOD 1892 TO 2015


WEATHER ITEM   OBSERVED TIME   RECORD YEAR NORMAL DEPARTURE LAST
                VALUE   (LST)  VALUE       VALUE  FROM      YEAR
                                                  NORMAL
..................................................................
TEMPERATURE (F)
 TODAY
  MAXIMUM         63    239 PM  81    1992  59      4       58
                                      1944
  MINIMUM         40    501 AM  35    1980  43     -3       50
                                      1949
  AVERAGE         52                        51      1       54

PRECIPITATION (IN)
  TODAY            0.00          1.33 2012   0.13  -0.13     1.18
  MONTH TO DATE    0.00                      0.38  -0.38     1.20
  SINCE OCT 1     50.99                     57.44  -6.45    46.06
  SINCE JAN 1     25.37                     30.42  -5.05    33.90

DEGREE DAYS
 HEATING
  TODAY           13                        14     -1       11
  MONTH TO DATE   38                        42     -4       21
  SINCE MAR 1    968                      1109   -141      974
  SINCE JUL 1   3508                      4451   -943     4403

 COOLING
  TODAY            0                         0      0        0
  MONTH TO DATE    0                         0      0        4
  SINCE MAR 1      2                         0      2        7
  SINCE JAN 1      2                         0      2        7
..................................................................


WIND (MPH)
  HIGHEST WIND SPEED    18   HIGHEST WIND DIRECTION    NW (300)
  HIGHEST GUST SPEED    23   HIGHEST GUST DIRECTION    NW (310)
  AVERAGE WIND SPEED     6.5


SKY COVER
  POSSIBLE SUNSHINE  MM
  AVERAGE SKY COVER 0.3


WEATHER CONDITIONS
 THE FOLLOWING WEATHER WAS RECORDED TODAY.
  FOG


RELATIVE HUMIDITY (PERCENT)
 HIGHEST    93           400 AM
 LOWEST     56           300 PM
 AVERAGE    75

..........................................................


THE ASTORIA OR CLIMATE NORMALS FOR TOMORROW
                         NORMAL    RECORD    YEAR
 MAXIMUM TEMPERATURE (F)   59        82      2013
 MINIMUM TEMPERATURE (F)   43        33      1969
                                             1922


SUNRISE AND SUNSET
MAY  3 2015...........SUNRISE   559 AM PDT   SUNSET   826 PM PDT
MAY  4 2015...........SUNRISE   558 AM PDT   SUNSET   828 PM PDT


-  INDICATES NEGATIVE NUMBERS.
R  INDICATES RECORD WAS SET OR TIED.
MM INDICATES DATA IS MISSING.
T  INDICATES TRACE AMOUNT.




$$
