000
CDUS43 KGRB 060636
CLIAUW


CLIMATE REPORT
NATIONAL WEATHER SERVICE GREEN BAY
136 AM CDT WED MAY 6 2015


...................................

...THE WAUSAU WI CLIMATE SUMMARY FOR MAY 5 2015...

CLIMATE NORMAL PERIOD 1981 TO 2010
CLIMATE RECORD PERIOD 1896 TO 2015


WEATHER ITEM   OBSERVED TIME   RECORD YEAR NORMAL DEPARTURE LAST
                VALUE   (LST)  VALUE       VALUE  FROM      YEAR
                                                  NORMAL
..................................................................
TEMPERATURE (F)
 YESTERDAY
  MAXIMUM         70    158 PM  86    1949  64      6       57
  MINIMUM         45    453 AM  26    1967  41      4       38
                                      1900
  AVERAGE         58                        52      6

PRECIPITATION (IN)
  YESTERDAY        T             1.55 1960   0.10  -0.10     0.02
  MONTH TO DATE    0.29                      0.52  -0.23     0.19
  SINCE MAR 1      4.26                      5.01  -0.75     5.21
  SINCE JAN 1      5.01                      6.95  -1.94     8.15

SNOWFALL (IN)
  YESTERDAY        0.0           1.3  1996   0.0    0.0      0.0
  MONTH TO DATE    0.0                       0.1   -0.1      0.0
  SINCE JUL 1     53.7                      59.5   -5.8     84.3
  SNOW DEPTH       0

DEGREE DAYS
 HEATING
  YESTERDAY        7                        13     -6       17
  MONTH TO DATE   24                        68    -44       89
  SINCE MAR 1   1625                      1784   -159     2184
  SINCE JUL 1   8205                      7920    285     9131

 COOLING
  YESTERDAY        0                         0      0        0
  MONTH TO DATE    2                         0      2        0
  SINCE MAR 1      2                         2      0        0
  SINCE JAN 1      2                         2      0        0
..................................................................


WIND (MPH)
  HIGHEST WIND SPEED    21   HIGHEST WIND DIRECTION    SE (120)
  HIGHEST GUST SPEED    28   HIGHEST GUST DIRECTION    SE (140)
  AVERAGE WIND SPEED    10.4


SKY COVER
  POSSIBLE SUNSHINE  MM
  AVERAGE SKY COVER 0.1


WEATHER CONDITIONS
 THE FOLLOWING WEATHER WAS RECORDED YESTERDAY.
  LIGHT RAIN


RELATIVE HUMIDITY (PERCENT)
 HIGHEST    66           100 AM
 LOWEST     15          1100 AM
 AVERAGE    41

..........................................................


THE WAUSAU WI CLIMATE NORMALS FOR TODAY
                         NORMAL    RECORD    YEAR
 MAXIMUM TEMPERATURE (F)   64        88      1934
 MINIMUM TEMPERATURE (F)   41        23      1989


SUNRISE AND SUNSET
MAY  6 2015...........SUNRISE   541 AM CDT   SUNSET   810 PM CDT
MAY  7 2015...........SUNRISE   540 AM CDT   SUNSET   811 PM CDT


-  INDICATES NEGATIVE NUMBERS.
R  INDICATES RECORD WAS SET OR TIED.
MM INDICATES DATA IS MISSING.
T  INDICATES TRACE AMOUNT.




$$
