000
CDUS43 KGRR 190518
CLIAZO


CLIMATE REPORT
NATIONAL WEATHER SERVICE GRAND RAPIDS, MI
117 AM EDT SUN APR 19 2015


...................................

...THE KALAMAZOO MI CLIMATE SUMMARY FOR APRIL 18 2015...

CLIMATE NORMAL PERIOD 1981 TO 2010
CLIMATE RECORD PERIOD 1998 TO 2015


WEATHER ITEM   OBSERVED TIME   NORMAL DEPARTURE LAST
                VALUE   (LST)  VALUE  FROM      YEAR
                                      NORMAL
......................................................
TEMPERATURE (F)
 YESTERDAY
  MAXIMUM         78    355 PM  61     17       63
  MINIMUM         48    637 AM  39      9       36
  AVERAGE         63            50     13       50

PRECIPITATION (IN)
  YESTERDAY        0.00          0.11  -0.11     0.01
  MONTH TO DATE    1.01          1.77  -0.76     1.29
  SINCE MAR 1      1.34          4.02  -2.68     2.54
  SINCE JAN 1      2.87          7.26  -4.39     5.07

DEGREE DAYS
 HEATING
  YESTERDAY        2            15    -13       15
  MONTH TO DATE  231           331   -100      356
  SINCE MAR 1   1200          1215    -15     1515
  SINCE JUL 1   6486          5988    498     6683

 COOLING
  YESTERDAY        0             0      0        0
  MONTH TO DATE    0             0      0        0
  SINCE MAR 1      0             0      0        0
  SINCE JAN 1      0             0      0        0
......................................................


WIND (MPH)
  RESULTANT WIND SPEED   5   RESULTANT WIND DIRECTION  NE (50)
  HIGHEST WIND SPEED    16   HIGHEST WIND DIRECTION    NE (60)
  HIGHEST GUST SPEED    23   HIGHEST GUST DIRECTION     E (70)
  AVERAGE WIND SPEED     7.2


SKY COVER
  AVERAGE SKY COVER 0.1


WEATHER CONDITIONS
 THE FOLLOWING WEATHER WAS RECORDED YESTERDAY.
  NO SIGNIFICANT WEATHER WAS OBSERVED.


RELATIVE HUMIDITY (PERCENT)
 HIGHEST    86           600 AM
 LOWEST     22           700 PM
 AVERAGE    54

..........................................................


THE KALAMAZOO MI CLIMATE NORMALS FOR TODAY
                         NORMAL
 MAXIMUM TEMPERATURE (F)   61
 MINIMUM TEMPERATURE (F)   40


SUNRISE AND SUNSET
APRIL 19 2015.........SUNRISE   656 AM EDT   SUNSET   828 PM EDT
APRIL 20 2015.........SUNRISE   654 AM EDT   SUNSET   829 PM EDT


-  INDICATES NEGATIVE NUMBERS.
R  INDICATES RECORD WAS SET OR TIED.
MM INDICATES DATA IS MISSING.
T  INDICATES TRACE AMOUNT.




$$
