000
CDUS44 KBMX 060811
CLIBHM


CLIMATE REPORT
NATIONAL WEATHER SERVICE BIRMINGHAM, AL
309 AM CDT WED MAY 6 2015


...................................

...THE BIRMINGHAM CLIMATE SUMMARY FOR MAY 5 2015...

CLIMATE NORMAL PERIOD 1981 TO 2010
CLIMATE RECORD PERIOD 2014 TO 2015


WEATHER ITEM   OBSERVED TIME   RECORD YEAR NORMAL DEPARTURE LAST
                VALUE   (LST)  VALUE       VALUE  FROM      YEAR
                                                  NORMAL
..................................................................
TEMPERATURE (F)
 YESTERDAY
  MAXIMUM         83    323 PM  92    1902  79      4       88
  MINIMUM         59    431 AM  38    1957  56      3       57
  AVERAGE         71                        68      3       73

PRECIPITATION (IN)
  YESTERDAY        0.00          2.56 1908   0.16  -0.16     0.00
  MONTH TO DATE    0.00                      0.81  -0.81     0.00
  SINCE MAR 1     14.47                     10.42   4.05    13.61
  SINCE JAN 1     23.17                     19.79   3.38    20.54

DEGREE DAYS
 COOLING
  YESTERDAY        6                         4      2        8
  MONTH TO DATE   12                        20     -8       13
  SINCE MAR 1     94                       100     -6       69
  SINCE JAN 1     94                       104    -10       72
..................................................................


WIND (MPH)
  HIGHEST WIND SPEED    13   HIGHEST WIND DIRECTION     E (80)
  HIGHEST GUST SPEED    20   HIGHEST GUST DIRECTION     E (80)
  AVERAGE WIND SPEED     3.2


SKY COVER
  AVERAGE SKY COVER 0.1


WEATHER CONDITIONS
 THE FOLLOWING WEATHER WAS RECORDED YESTERDAY.
  NO SIGNIFICANT WEATHER WAS OBSERVED.


RELATIVE HUMIDITY (PERCENT)
 HIGHEST    87           300 AM
 LOWEST     36           400 PM
 AVERAGE    62

..........................................................


THE BIRMINGHAM CLIMATE NORMALS FOR TODAY
                         NORMAL    RECORD    YEAR
 MAXIMUM TEMPERATURE (F)   79        92      1952
 MINIMUM TEMPERATURE (F)   57        38      1968


SUNRISE AND SUNSET
MAY  6 2015...........SUNRISE   554 AM CDT   SUNSET   734 PM CDT
MAY  7 2015...........SUNRISE   553 AM CDT   SUNSET   734 PM CDT


-  INDICATES NEGATIVE NUMBERS.
R  INDICATES RECORD WAS SET OR TIED.
MM INDICATES DATA IS MISSING.
T  INDICATES TRACE AMOUNT.




$$
