000
CDUS45 KBYZ 050934
CLIBIL


CLIMATE REPORT
NATIONAL WEATHER SERVICE BILLINGS MT
333 AM MDT TUE MAY 5 2015


...................................

...THE BILLINGS MT CLIMATE SUMMARY FOR MAY 4 2015...

CLIMATE NORMAL PERIOD 1981 TO 2010
CLIMATE RECORD PERIOD 1934 TO 2015


WEATHER ITEM   OBSERVED TIME   RECORD YEAR NORMAL DEPARTURE LAST
                VALUE   (LST)  VALUE       VALUE  FROM      YEAR
                                                  NORMAL
..................................................................
TEMPERATURE (F)
 YESTERDAY
  MAXIMUM         74    434 PM  87    1936  64     10       60
  MINIMUM         42    503 AM  21    1967  40      2       41
  AVERAGE         58                        52      6       51

PRECIPITATION (IN)
  YESTERDAY        0.00          1.33 1980   0.06  -0.06      T
  MONTH TO DATE    0.00                      0.25  -0.25      T
  SINCE OCT 1      4.81                      6.24  -1.43    10.47
  SINCE JAN 1      3.24                      3.93  -0.69     5.58

SNOWFALL (IN)
  YESTERDAY        0.0           0.7  1950   0.1   -0.1      0.0
  MONTH TO DATE    0.0                       0.5   -0.5      0.0
  SINCE MAR 1     11.3                      19.0   -7.7     11.2
  SINCE JUL 1     55.4                      53.5    1.9    101.4
  SNOW DEPTH       0

DEGREE DAYS
 HEATING
  YESTERDAY        7                        13     -6       14
  MONTH TO DATE   22                        55    -33       55
  SINCE MAR 1   1088                      1467   -379     1564
  SINCE JUL 1   5729                      6432   -703     6837

 COOLING
  YESTERDAY        0                         0      0        0
  MONTH TO DATE    0                         0      0        0
  SINCE MAR 1      0                         1     -1        0
  SINCE JAN 1      0                         1     -1        0
..................................................................


WIND (MPH)
  HIGHEST WIND SPEED    20   HIGHEST WIND DIRECTION     S (170)
  HIGHEST GUST SPEED    26   HIGHEST GUST DIRECTION     S (170)
  AVERAGE WIND SPEED     5.5


SKY COVER
  POSSIBLE SUNSHINE  MM
  AVERAGE SKY COVER 0.3


WEATHER CONDITIONS
 THE FOLLOWING WEATHER WAS RECORDED YESTERDAY.
  NO SIGNIFICANT WEATHER WAS OBSERVED.


RELATIVE HUMIDITY (PERCENT)
 HIGHEST    76           500 AM
 LOWEST     29           300 PM
 AVERAGE    53

..........................................................


THE BILLINGS MT CLIMATE NORMALS FOR TODAY
                         NORMAL    RECORD    YEAR
 MAXIMUM TEMPERATURE (F)   64        84      1936
 MINIMUM TEMPERATURE (F)   40        26      1967


SUNRISE AND SUNSET
MAY  5 2015...........SUNRISE   556 AM MDT   SUNSET   827 PM MDT
MAY  6 2015...........SUNRISE   554 AM MDT   SUNSET   828 PM MDT


-  INDICATES NEGATIVE NUMBERS.
R  INDICATES RECORD WAS SET OR TIED.
MM INDICATES DATA IS MISSING.
T  INDICATES TRACE AMOUNT.





&&

...THE CLIMATE SUMMARY FOR SOUTHWEST BILLINGS FOR 04 MAY 2015...

HIGH TEMPERATURE........................77
LOW TEMPERATURE.........................40

PRECIPITATION...........................0.01
MONTHLY PRECIPITATION TOTAL.............0.01
YEARLY PRECIPITATION TOTAL..............3.26

SNOWFALL................................0.0
MONTHLY SNOWFALL TOTAL..................0.0
TOTAL SNOWFALL SINCE JULY 1.............53.3

SNOW DEPTH AT MIDNIGHT..................0

$$
