000
CDUS41 KRNK 040523
CLIBLF


CLIMATE REPORT
NATIONAL WEATHER SERVICE BLACKSBURG VA
120 AM EDT MON MAY 4 2015


...................................

...THE BLUEFIELD WV CLIMATE SUMMARY FOR MAY 3 2015...

CLIMATE NORMAL PERIOD 1981 TO 2010
CLIMATE RECORD PERIOD 1959 TO 2015


WEATHER ITEM   OBSERVED TIME   RECORD YEAR NORMAL DEPARTURE LAST
                VALUE   (LST)  VALUE       VALUE  FROM      YEAR
                                                  NORMAL
..................................................................
TEMPERATURE (F)
 YESTERDAY
  MAXIMUM         75    427 PM  87    2012  70      5       69
  MINIMUM         51    444 AM  32    2005  50      1       45
                                      1971
  AVERAGE         63                        60      3

PRECIPITATION (IN)
  YESTERDAY        0.00          1.48 2007   0.13  -0.13     0.00
  MONTH TO DATE    0.51                      0.38   0.13      T
  SINCE MAR 1     10.92                      7.23   3.69     4.73
  SINCE JAN 1     14.48                     12.89   1.59     8.86

SNOWFALL (IN)
  YESTERDAY        0.0
  MONTH TO DATE    0.0
  SINCE MAR 1      3.1
  SINCE JUL 1     39.7
  SNOW DEPTH       0

DEGREE DAYS
 HEATING
  YESTERDAY        2                         6     -4
  MONTH TO DATE   30                        20     10
  SINCE MAR 1    882                       957    -75
  SINCE JUL 1   4802                      4450    352

 COOLING
  YESTERDAY        0                         1     -1
  MONTH TO DATE    0                         3     -3
  SINCE MAR 1     11                        31    -20
  SINCE JAN 1     11                        31    -20
..................................................................


WIND (MPH)
  HIGHEST WIND SPEED    10   HIGHEST WIND DIRECTION     S (180)
  HIGHEST GUST SPEED    18   HIGHEST GUST DIRECTION    SW (210)
  AVERAGE WIND SPEED     3.1


SKY COVER
  POSSIBLE SUNSHINE  MM
  AVERAGE SKY COVER 0.0


WEATHER CONDITIONS
 THE FOLLOWING WEATHER WAS RECORDED YESTERDAY.
  NO SIGNIFICANT WEATHER WAS OBSERVED.


RELATIVE HUMIDITY (PERCENT)
 HIGHEST    45          1200 AM
 LOWEST     20           500 PM
 AVERAGE    33

..........................................................


THE BLUEFIELD WV CLIMATE NORMALS FOR TODAY
                         NORMAL    RECORD    YEAR
 MAXIMUM TEMPERATURE (F)   70        80      1996
 MINIMUM TEMPERATURE (F)   50        33      2004


SUNRISE AND SUNSET
MAY  4 2015...........SUNRISE   627 AM EDT   SUNSET   817 PM EDT
MAY  5 2015...........SUNRISE   626 AM EDT   SUNSET   818 PM EDT


-  INDICATES NEGATIVE NUMBERS.
R  INDICATES RECORD WAS SET OR TIED.
MM INDICATES DATA IS MISSING.
T  INDICATES TRACE AMOUNT.

$$
RCS
