000
CDUS43 KIND 260542
CLIBMG


CLIMATE REPORT
NATIONAL WEATHER SERVICE INDIANAPOLIS IN
140 AM EDT SUN APR 26 2015


...................................

...THE BLOOMINGTON IN CLIMATE SUMMARY FOR APRIL 25 2015...

CLIMATE NORMAL PERIOD 1981 TO 2010
CLIMATE RECORD PERIOD 9999 TO 9999


WEATHER ITEM   OBSERVED TIME   NORMAL DEPARTURE LAST
                VALUE   (LST)  VALUE  FROM      YEAR
                                      NORMAL
......................................................
TEMPERATURE (F)
 YESTERDAY
  MAXIMUM         57   1248 AM  68    -11       69
  MINIMUM         46   1159 PM  45      1       53
  AVERAGE         52            56     -4       61

PRECIPITATION (IN)
  YESTERDAY        0.22          0.17   0.05     0.26
  MONTH TO DATE    4.80          3.87   0.93     6.01
  SINCE MAR 1      9.44          7.75   1.69     7.95
  SINCE JAN 1     13.01         13.82  -0.81    12.60

DEGREE DAYS
 HEATING
  YESTERDAY       13             9      4        4
  MONTH TO DATE  229           316    -87      291
  SINCE MAR 1    973          1004    -31     1128
  SINCE JUL 1   5544          5072    472     5690

 COOLING
  YESTERDAY        0             1     -1        0
  MONTH TO DATE    6            17    -11        6
  SINCE MAR 1      6            20    -14        6
  SINCE JAN 1      6            20    -14        6
......................................................


WIND (MPH)
  HIGHEST WIND SPEED    17   HIGHEST WIND DIRECTION    NE (60)
  HIGHEST GUST SPEED    23   HIGHEST GUST DIRECTION     N (20)
  AVERAGE WIND SPEED    10.1


SKY COVER
  AVERAGE SKY COVER 1.0


WEATHER CONDITIONS
 THE FOLLOWING WEATHER WAS RECORDED YESTERDAY.
  RAIN
  LIGHT RAIN
  FOG


RELATIVE HUMIDITY (PERCENT)
 HIGHEST    93          1100 AM
 LOWEST     40          1200 AM
 AVERAGE    67

..........................................................


THE BLOOMINGTON IN CLIMATE NORMALS FOR TODAY
                         NORMAL
 MAXIMUM TEMPERATURE (F)   68
 MINIMUM TEMPERATURE (F)   46


SUNRISE AND SUNSET
APRIL 26 2015.........SUNRISE   655 AM EDT   SUNSET   834 PM EDT
APRIL 27 2015.........SUNRISE   654 AM EDT   SUNSET   835 PM EDT


-  INDICATES NEGATIVE NUMBERS.
R  INDICATES RECORD WAS SET OR TIED.
MM INDICATES DATA IS MISSING.
T  INDICATES TRACE AMOUNT.




$$
