000
CDUS44 KOHX 261232 AAA
CLIBNA

CLIMATE REPORT
NATIONAL WEATHER SERVICE NASHVILLE TN
731 AM CDT SUN APR 26 2015


.....................................

UPDATED FOR MORNING CLIMATE AT BOTTOM

.....................................


...THE NASHVILLE CLIMATE SUMMARY FOR APRIL 25 2015...

CLIMATE NORMAL PERIOD 1981 TO 2010
CLIMATE RECORD PERIOD 1871 TO 2015


WEATHER ITEM   OBSERVED TIME   RECORD YEAR NORMAL DEPARTURE
                VALUE   (LST)  VALUE       VALUE  FROM
                                                  NORMAL
...............................................................
TEMPERATURE (F)
 YESTERDAY
  MAXIMUM         84    402 PM  89    1989  73     11
  MINIMUM         54   1219 AM  32    1910  51      3
  AVERAGE         69                        62      7

PRECIPITATION (IN)
  YESTERDAY        0.11          1.35 1993   0.16  -0.05
  MONTH TO DATE    6.33                      3.23   3.10
  SINCE MAR 1     10.62                      7.34   3.28
  SINCE JAN 1     17.44                     15.03   2.41

SNOWFALL (IN)
  YESTERDAY        0.0           1.5  1910   0.0    0.0
  MONTH TO DATE    0.0                       0.1   -0.1
  SINCE MAR 1      2.9                       1.0    1.9
  SINCE JUL 1      6.1                       6.4   -0.3
  SNOW DEPTH       0

DEGREE DAYS
 HEATING
  YESTERDAY        0                               -5
  MONTH TO DATE   86                             -111
  SINCE MAR 1    527                             -143
  SINCE JUL 1   3717                              109

 COOLING
  YESTERDAY        4                                2
  MONTH TO DATE   40                               10
  SINCE MAR 1     42                                4
  SINCE JAN 1     42                                4
...............................................................


WIND (MPH)
  HIGHEST WIND SPEED    22   HIGHEST WIND DIRECTION    SW (220)
  HIGHEST GUST SPEED    32   HIGHEST GUST DIRECTION    SW (220)
  AVERAGE WIND SPEED     8.7




RELATIVE HUMIDITY (PERCENT)
 HIGHEST    93
 LOWEST     34
 AVERAGE    64

..........................................................


THE NASHVILLE CLIMATE NORMALS FOR TODAY
                         NORMAL    RECORD    YEAR
 MAXIMUM TEMPERATURE (F)   73        91      1989
 MINIMUM TEMPERATURE (F)   51        36      1919


SUNRISE AND SUNSET
APRIL 26 2015.........SUNRISE   600 AM CDT   SUNSET   730 PM CDT
APRIL 27 2015.........SUNRISE   559 AM CDT   SUNSET   731 PM CDT


-  INDICATES NEGATIVE NUMBERS.
R  INDICATES RECORD WAS SET OR TIED.
MM INDICATES DATA IS MISSING.
T  INDICATES TRACE AMOUNT.

&&

THE LOW TEMPERATURE SINCE MIDNIGHT HAS BEEN 55 DEGREES.
A TRACE OF PRECIPITATION HAS OCCURRED SINCE MIDNIGHT.

$$
