000
CDUS45 KBOI 250932
CLIBNO


CLIMATE REPORT
NATIONAL WEATHER SERVICE BOISE ID
332 AM MDT SAT APR 25 2015


...................................

...THE BURNS OR CLIMATE SUMMARY FOR APRIL 24 2015...

CLIMATE NORMAL PERIOD 1981 TO 2010
CLIMATE RECORD PERIOD 1938 TO 2015


WEATHER ITEM   OBSERVED TIME   RECORD YEAR NORMAL DEPARTURE LAST
                VALUE   (LST)  VALUE       VALUE  FROM      YEAR
                                                  NORMAL
..................................................................
TEMPERATURE (F)
 YESTERDAY
  MAXIMUM         57    121 PM  84    1977  59     -2       60
  MINIMUM         31   1159 PM  17    2002  31      0       40
  AVERAGE         44                        45     -1       50

PRECIPITATION (IN)
  YESTERDAY        0.00          0.36 1964   0.03  -0.03     0.24
  MONTH TO DATE    0.15                      0.75  -0.60     0.74
  SINCE OCT 1      6.75                      7.55  -0.80     5.15
  SINCE JAN 1      2.25                      4.05  -1.80     4.18

DEGREE DAYS
 HEATING
  YESTERDAY       21                        20      1       15
  MONTH TO DATE  561                       540     21      502
  SINCE MAR 1   1243                      1397   -154     1286
  SINCE JUL 1   5717                      6925  -1208     6569

 COOLING
  YESTERDAY        0                         0      0        0
  MONTH TO DATE    0                         0      0        0
  SINCE MAR 1      0                         0      0        0
  SINCE JAN 1      0                         0      0        0
..................................................................


WIND (MPH)
  HIGHEST WIND SPEED    18   HIGHEST WIND DIRECTION    NW (320)
  HIGHEST GUST SPEED    24   HIGHEST GUST DIRECTION     W (290)
  AVERAGE WIND SPEED     9.4


SKY COVER
  POSSIBLE SUNSHINE  MM
  AVERAGE SKY COVER 0.6


WEATHER CONDITIONS
 THE FOLLOWING WEATHER WAS RECORDED YESTERDAY.
  NO SIGNIFICANT WEATHER WAS OBSERVED.


RELATIVE HUMIDITY (PERCENT)
 HIGHEST    82           500 AM
 LOWEST     22           300 PM
 AVERAGE    52

..........................................................


THE BURNS OR CLIMATE NORMALS FOR TODAY
                         NORMAL    RECORD    YEAR
 MAXIMUM TEMPERATURE (F)   60        86      1946
 MINIMUM TEMPERATURE (F)   31        19      2013
                                             1944


SUNRISE AND SUNSET
APRIL 25 2015.........SUNRISE   557 AM PDT   SUNSET   751 PM PDT
APRIL 26 2015.........SUNRISE   556 AM PDT   SUNSET   752 PM PDT


-  INDICATES NEGATIVE NUMBERS.
R  INDICATES RECORD WAS SET OR TIED.
MM INDICATES DATA IS MISSING.
T  INDICATES TRACE AMOUNT.




$$
