000
CDUS44 KLCH 210833
CLIBPT


CLIMATE REPORT
NATIONAL WEATHER SERVICE LAKE CHARLES, LA
333 AM CDT TUE APR 21 2015


...................................

...THE BEAUMONT PORT ARTHUR CLIMATE SUMMARY FOR APRIL 20 2015...

CLIMATE NORMAL PERIOD 1981 TO 2010
CLIMATE RECORD PERIOD 1901 TO 2015


WEATHER ITEM   OBSERVED TIME   RECORD YEAR NORMAL DEPARTURE LAST
                VALUE   (LST)  VALUE       VALUE  FROM      YEAR
                                                  NORMAL
..................................................................
TEMPERATURE (F)
 YESTERDAY
  MAXIMUM         77    230 PM  92    1987  79     -2       82
  MINIMUM         59    902 PM  40    2013  60     -1       55
  AVERAGE         68                        70     -2       69

PRECIPITATION (IN)
  YESTERDAY        0.00          3.85 1977   0.11  -0.11     0.00
  MONTH TO DATE    9.05                      2.00   7.05     1.98
  SINCE MAR 1     17.17                      5.53  11.64     4.27
  SINCE JAN 1     24.15                     14.37   9.78    10.99

SNOWFALL (IN)
  YESTERDAY        0.0           0.0    MM   0.0    0.0      0.0
  MONTH TO DATE    0.0                       0.0    0.0      0.0
  SINCE MAR 1      T                         0.0    0.0      0.0
  SINCE JUL 1      T                         T      0.0      0.3
  SNOW DEPTH       0

DEGREE DAYS
 HEATING
  YESTERDAY        0                         1     -1        0
  MONTH TO DATE    0                        35    -35       37
  SINCE MAR 1    103                       183    -80      241
  SINCE JUL 1   1360                      1396    -36     1710

 COOLING
  YESTERDAY        3                         5     -2        4
  MONTH TO DATE  155                        81     74       67
  SINCE MAR 1    226                       136     90       90
  SINCE JAN 1    234                       162     72      114
..................................................................


WIND (MPH)
  HIGHEST WIND SPEED    20   HIGHEST WIND DIRECTION     N (360)
  HIGHEST GUST SPEED    25   HIGHEST GUST DIRECTION     N (20)
  AVERAGE WIND SPEED     9.3


SKY COVER
  POSSIBLE SUNSHINE  MM
  AVERAGE SKY COVER 0.0


WEATHER CONDITIONS
 THE FOLLOWING WEATHER WAS RECORDED YESTERDAY.
  NO SIGNIFICANT WEATHER WAS OBSERVED.


RELATIVE HUMIDITY (PERCENT)
 HIGHEST   100           200 AM
 LOWEST     36           400 PM
 AVERAGE    68

..........................................................


THE BEAUMONT PORT ARTHUR CLIMATE NORMALS FOR TODAY
                         NORMAL    RECORD    YEAR
 MAXIMUM TEMPERATURE (F)   79        91      1987
 MINIMUM TEMPERATURE (F)   60        45      1953


SUNRISE AND SUNSET
APRIL 21 2015.........SUNRISE   643 AM CDT   SUNSET   747 PM CDT
APRIL 22 2015.........SUNRISE   642 AM CDT   SUNSET   748 PM CDT


-  INDICATES NEGATIVE NUMBERS.
R  INDICATES RECORD WAS SET OR TIED.
MM INDICATES DATA IS MISSING.
T  INDICATES TRACE AMOUNT.




$$
