000
CDUS43 KDVN 060923
CLIBRL


CLIMATE REPORT
NATIONAL WEATHER SERVICE QUAD CITIES IA IL
422 AM CDT WED MAY 6 2015


...................................

...THE BURLINGTON IA CLIMATE SUMMARY FOR MAY 5 2015...

CLIMATE NORMAL PERIOD 1981 TO 2010
CLIMATE RECORD PERIOD 1897 TO 2015


WEATHER ITEM   OBSERVED TIME   RECORD YEAR NORMAL DEPARTURE LAST
                VALUE   (LST)  VALUE       VALUE  FROM      YEAR
                                                  NORMAL
..................................................................
TEMPERATURE (F)
 YESTERDAY
  MAXIMUM         81    253 PM  92    1949  71     10       71
  MINIMUM         59    543 AM  32    1944  49     10       46
  AVERAGE         70                        60     10       59

PRECIPITATION (IN)
  YESTERDAY        0.31         MM      MM   0.16   0.15     0.00
  MONTH TO DATE    0.61                      0.82  -0.21      T
  SINCE MAR 1      2.51                      7.37  -4.86     5.21
  SINCE JAN 1      4.93                     10.23  -5.30     9.58

DEGREE DAYS
 HEATING
  YESTERDAY        0                         6     -6        6
  MONTH TO DATE   12                        33    -21       47
  SINCE MAR 1   1076                      1117    -41     1405
  SINCE JUL 1   6007                      5495    512     6728

 COOLING
  YESTERDAY        5                         1      4        0
  MONTH TO DATE   16                         5     11        0
  SINCE MAR 1     19                        25     -6        8
  SINCE JAN 1     19                        25     -6        8
..................................................................


WIND (MPH)
  HIGHEST WIND SPEED    12   HIGHEST WIND DIRECTION     E (100)
  HIGHEST GUST SPEED    17   HIGHEST GUST DIRECTION    SE (120)
  AVERAGE WIND SPEED     6.0


SKY COVER
  POSSIBLE SUNSHINE  MM
  AVERAGE SKY COVER 0.5


WEATHER CONDITIONS
 THE FOLLOWING WEATHER WAS RECORDED YESTERDAY.
  THUNDERSTORM
  RAIN
  LIGHT RAIN
  FOG


RELATIVE HUMIDITY (PERCENT)
 HIGHEST   100          1200 AM
 LOWEST     51           400 PM
 AVERAGE    76

..........................................................


THE BURLINGTON IA CLIMATE NORMALS FOR TODAY
                         NORMAL    RECORD    YEAR
 MAXIMUM TEMPERATURE (F)   71        93      1934
 MINIMUM TEMPERATURE (F)   50        32      1989


SUNRISE AND SUNSET
MAY  6 2015...........SUNRISE   557 AM CDT   SUNSET   806 PM CDT
MAY  7 2015...........SUNRISE   556 AM CDT   SUNSET   807 PM CDT


-  INDICATES NEGATIVE NUMBERS.
R  INDICATES RECORD WAS SET OR TIED.
MM INDICATES DATA IS MISSING.
T  INDICATES TRACE AMOUNT.




$$
