000
CDUS43 KLMK 012035
CLIBWG


CLIMATE REPORT
NATIONAL WEATHER SERVICE LOUISVILLE KY
434 PM EDT WED APR 1 2015


...................................

...THE BOWLING GREEN CLIMATE SUMMARY FOR APRIL 1 2015...
VALID TODAY AS OF 0400 PM LOCAL TIME.

CLIMATE NORMAL PERIOD 1981 TO 2010
CLIMATE RECORD PERIOD 1870 TO 2015


WEATHER ITEM   OBSERVED TIME   RECORD YEAR NORMAL DEPARTURE LAST
                VALUE   (LST)  VALUE       VALUE  FROM      YEAR
                                                  NORMAL
..................................................................
TEMPERATURE (F)
 TODAY
  MAXIMUM         71    200 PM  87    1940  65      6       78
                                      1905
  MINIMUM         37    217 PM  19    1923  41     -4       51
  AVERAGE         54                        53      1       65

PRECIPITATION (IN)
  TODAY            0.00          3.22 1970   0.13  -0.13      T
  MONTH TO DATE    0.00                      0.13  -0.13      T
  SINCE MAR 1      6.27                      4.54   1.73     3.73
  SINCE JAN 1     12.15                     12.11   0.04    10.90

SNOWFALL (IN)
  TODAY            0.0           0.0    MM   0.0    0.0      0.0
  MONTH TO DATE    0.0                       0.0    0.0      0.0
  SINCE MAR 1      7.2                       1.1    6.1      5.1
  SINCE JUL 1     23.5                       8.9   14.6     10.4
  SNOW DEPTH       0

DEGREE DAYS
 HEATING
  TODAY           11                        12     -1        0
  MONTH TO DATE   11                        12     -1        0
  SINCE MAR 1    551                       532     19      653
  SINCE JUL 1   4086                      3730    356     4262

 COOLING
  TODAY            0                         0      0        0
  MONTH TO DATE    0                         0      0        0
  SINCE MAR 1      0                         5     -5        0
  SINCE JAN 1      0                         5     -5        0
..................................................................


WIND (MPH)
  HIGHEST WIND SPEED    13   HIGHEST WIND DIRECTION     E (90)
  HIGHEST GUST SPEED    17   HIGHEST GUST DIRECTION     E (90)
  AVERAGE WIND SPEED     4.8


SKY COVER
  POSSIBLE SUNSHINE  MM
  AVERAGE SKY COVER 0.0


WEATHER CONDITIONS
 THE FOLLOWING WEATHER WAS RECORDED TODAY.
  NO SIGNIFICANT WEATHER WAS OBSERVED.


RELATIVE HUMIDITY (PERCENT)
 HIGHEST    85           600 AM
 LOWEST     27           200 PM
 AVERAGE    56

..........................................................


THE BOWLING GREEN CLIMATE NORMALS FOR TOMORROW
                         NORMAL    RECORD    YEAR
 MAXIMUM TEMPERATURE (F)   66        88      1946
 MINIMUM TEMPERATURE (F)   42        23      1924


SUNRISE AND SUNSET
APRIL  1 2015.........SUNRISE   632 AM CDT   SUNSET   708 PM CDT
APRIL  2 2015.........SUNRISE   630 AM CDT   SUNSET   709 PM CDT


-  INDICATES NEGATIVE NUMBERS.
R  INDICATES RECORD WAS SET OR TIED.
MM INDICATES DATA IS MISSING.
T  INDICATES TRACE AMOUNT.




$$
