000
CDUS43 KLMK 270628
CLIBWG


CLIMATE REPORT
NATIONAL WEATHER SERVICE LOUISVILLE KY
228 AM EDT MON APR 27 2015


...................................

...THE BOWLING GREEN KY CLIMATE SUMMARY FOR APRIL 26 2015...

CLIMATE NORMAL PERIOD 1981 TO 2010
CLIMATE RECORD PERIOD 1870 TO 2015


WEATHER ITEM   OBSERVED TIME   RECORD YEAR NORMAL DEPARTURE LAST
                VALUE   (LST)  VALUE       VALUE  FROM      YEAR
                                                  NORMAL
..................................................................
TEMPERATURE (F)
 YESTERDAY
  MAXIMUM         66    314 PM  91    1915  73     -7       78
  MINIMUM         49   1159 PM  25    1873  49      0       42
  AVERAGE         58                        61     -3       60

PRECIPITATION (IN)
  YESTERDAY        T             2.25 1914   0.16  -0.16     0.00
  MONTH TO DATE    9.08                      3.71   5.37     3.41
  SINCE MAR 1     15.35                      8.12   7.23     7.14
  SINCE JAN 1     21.23                     15.69   5.54    14.31

SNOWFALL (IN)
  YESTERDAY        0.0           0.0    MM   0.0    0.0      0.0
  MONTH TO DATE    0.0                       0.2   -0.2       T
  SINCE MAR 1      7.2                       1.3    5.9      5.1
  SINCE JUL 1     23.5                       9.1   14.4     10.4
  SNOW DEPTH       0

DEGREE DAYS
 HEATING
  YESTERDAY        7                         6      1        5
  MONTH TO DATE  136                       231    -95      189
  SINCE MAR 1    676                       751    -75      842
  SINCE JUL 1   4211                      3949    262     4451

 COOLING
  YESTERDAY        0                         1     -1        0
  MONTH TO DATE   35                        25     10       12
  SINCE MAR 1     35                        30      5       12
  SINCE JAN 1     35                        30      5       12
..................................................................


WIND (MPH)
  HIGHEST WIND SPEED    13   HIGHEST WIND DIRECTION    NE (40)
  HIGHEST GUST SPEED    22   HIGHEST GUST DIRECTION    NE (50)
  AVERAGE WIND SPEED     5.5


SKY COVER
  POSSIBLE SUNSHINE  MM
  AVERAGE SKY COVER 0.7


WEATHER CONDITIONS
 THE FOLLOWING WEATHER WAS RECORDED YESTERDAY.
  LIGHT RAIN
  FOG


RELATIVE HUMIDITY (PERCENT)
 HIGHEST    93           500 AM
 LOWEST     43           400 PM
 AVERAGE    68

..........................................................


THE BOWLING GREEN KY CLIMATE NORMALS FOR TODAY
                         NORMAL    RECORD    YEAR
 MAXIMUM TEMPERATURE (F)   73        90      1989
 MINIMUM TEMPERATURE (F)   49        31      1946


SUNRISE AND SUNSET
APRIL 27 2015.........SUNRISE   556 AM CDT   SUNSET   731 PM CDT
APRIL 28 2015.........SUNRISE   555 AM CDT   SUNSET   732 PM CDT


-  INDICATES NEGATIVE NUMBERS.
R  INDICATES RECORD WAS SET OR TIED.
MM INDICATES DATA IS MISSING.
T  INDICATES TRACE AMOUNT.




$$
