000
CDUS42 KCAE 270550
CLICAE


CLIMATE REPORT
NATIONAL WEATHER SERVICE COLUMBIA SC
150 AM EDT MON APR 27 2015


...................................

...THE COLUMBIA METRO AIRPORT SC CLIMATE SUMMARY FOR APRIL 26 2015...

CLIMATE NORMAL PERIOD 1981 TO 2010
CLIMATE RECORD PERIOD 1887 TO 2015


WEATHER ITEM   OBSERVED TIME   RECORD YEAR NORMAL DEPARTURE LAST
                VALUE   (LST)  VALUE       VALUE  FROM      YEAR
                                                  NORMAL
..................................................................
TEMPERATURE (F)
 YESTERDAY
  MAXIMUM         87    148 PM  93    1990  79      8       84
  MINIMUM         56   1159 PM  34    1910  53      3       51
  AVERAGE         72                        66      6       68

PRECIPITATION (IN)
  YESTERDAY        0.00          2.30 1967   0.09  -0.09     0.00
  MONTH TO DATE    3.47                      2.27   1.20     2.99
  SINCE MAR 1      6.25                      6.00   0.25     6.92
  SINCE JAN 1     13.61                     13.19   0.42    13.24

SNOWFALL (IN)
  YESTERDAY        0.0          MM      MM   0.0             0.0
  MONTH TO DATE    0.0                       0.0             0.0
  SINCE MAR 1      0.0                       0.1             0.0
  SINCE JUL 1      T                         1.5             4.2

DEGREE DAYS
 HEATING
  YESTERDAY        0                         2     -2        0
  MONTH TO DATE   37                       114    -77       74
  SINCE MAR 1    252                       424   -172      466
  SINCE JUL 1   2441                      2523    -82     2550

 COOLING
  YESTERDAY        7                         3      4        3
  MONTH TO DATE  118                        57     61       54
  SINCE MAR 1    143                        75     68       55
  SINCE JAN 1    143                        79     64       62
..................................................................


WIND (MPH)
  HIGHEST WIND SPEED    22   HIGHEST WIND DIRECTION     W (260)
  HIGHEST GUST SPEED    29   HIGHEST GUST DIRECTION     W (280)
  AVERAGE WIND SPEED    11.0


SKY COVER
  AVERAGE SKY COVER 0.4


WEATHER CONDITIONS
 THE FOLLOWING WEATHER WAS RECORDED YESTERDAY.
  NO SIGNIFICANT WEATHER WAS OBSERVED.


RELATIVE HUMIDITY (PERCENT)
 HIGHEST    87           300 AM
 LOWEST     40           100 PM
 AVERAGE    64

..........................................................


THE COLUMBIA METRO AIRPORT SC CLIMATE NORMALS FOR TODAY
                         NORMAL    RECORD    YEAR
 MAXIMUM TEMPERATURE (F)   79        94      1986
 MINIMUM TEMPERATURE (F)   53        35      1972


SUNRISE AND SUNSET
APRIL 27 2015.........SUNRISE   640 AM EDT   SUNSET   805 PM EDT
APRIL 28 2015.........SUNRISE   639 AM EDT   SUNSET   806 PM EDT


-  INDICATES NEGATIVE NUMBERS.
R  INDICATES RECORD WAS SET OR TIED.
MM INDICATES DATA IS MISSING.
T  INDICATES TRACE AMOUNT.




$$
