000
CDUS44 KMRX 262122
CLICHA

CLIMATE REPORT NATIONAL WEATHER SERVICE MORRISTOWN TN
522 PM EDT SUN APR 26 2015

...................................

...THE CHATTANOOGA CLIMATE SUMMARY FOR APRIL 26 2015... VALID TODAY
AS OF 500 PM LOCAL TIME.

CLIMATE NORMAL PERIOD 1981 TO 2010
CLIMATE RECORD PERIOD 1879 TO 2015


WEATHER ITEM   OBSERVED TIME   RECORD YEAR NORMAL DEPARTURE LAST
                VALUE   (LST)  VALUE       VALUE  FROM      YEAR
                                                  NORMAL
..................................................................
TEMPERATURE (F)
 TODAY
  MAXIMUM         74    121 PM  91    1986  75     -1       84
  MINIMUM         59    543 AM  35    1983  51      8       47
                                      1972
  AVERAGE         67                        63      4       66

PRECIPITATION (IN)
  TODAY            0.17          2.37 1973   0.13   0.04     0.00
  MONTH TO DATE    9.23                      3.47   5.76     3.00
  SINCE MAR 1     13.40                      8.45   4.95     5.38
  SINCE JAN 1     20.39                     18.20   2.19    12.97

SNOWFALL (IN)
  TODAY            0.0                       0.0    0.0      0.0
  MONTH TO DATE    0.0                       0.1   -0.1      0.0
  SINCE MAR 1      0.0                       1.3   -1.3       T
  SINCE JUL 1      9.5                       3.9    5.6      8.4
  SNOW DEPTH       0

DEGREE DAYS
 HEATING
  TODAY            0                         4     -4        0
  MONTH TO DATE   71                       163    -92      120
  SINCE MAR 1    390                       567   -177      555
  SINCE JUL 1   3223                      3189     34     3349

 COOLING
  TODAY            2                         2      0        1
  MONTH TO DATE   47                        32     15       18
  SINCE MAR 1     49                        39     10       18
  SINCE JAN 1     49                        39     10       18
..................................................................


WIND (MPH)
  HIGHEST WIND SPEED    29   HIGHEST WIND DIRECTION     N (340)
  HIGHEST GUST SPEED    36   HIGHEST GUST DIRECTION     N (340)
  AVERAGE WIND SPEED     6.7


SKY COVER
  POSSIBLE SUNSHINE  MM
  AVERAGE SKY COVER 0.7


WEATHER CONDITIONS
 THE FOLLOWING WEATHER WAS RECORDED TODAY.
  HEAVY RAIN
  RAIN
  FOG


RELATIVE HUMIDITY (PERCENT)
 HIGHEST   100           500 AM
 LOWEST     57           100 PM
 AVERAGE    79

..........................................................


THE CHATTANOOGA  ASOS CLIMATE NORMALS FOR TOMORROW
                         NORMAL    RECORD    YEAR
 MAXIMUM TEMPERATURE (F)   76        92      1986
 MINIMUM TEMPERATURE (F)   52        34      1972


SUNRISE AND SUNSET
APRIL 26 2015.........SUNRISE   656 AM EDT   SUNSET   822 PM EDT
APRIL 27 2015.........SUNRISE   655 AM EDT   SUNSET   823 PM EDT


-  INDICATES NEGATIVE NUMBERS.
R  INDICATES RECORD WAS SET OR TIED.
MM INDICATES DATA IS MISSING.
T  INDICATES TRACE AMOUNT.




$$
