000
CDUS42 KGSP 020634 RRA
CLICLT

CLIMATE REPORT
NATIONAL WEATHER SERVICE GREENVILLE-SPARTANBURG SC
233 AM EDT THU APR 2 2015


...................................

...THE CHARLOTTE NC CLIMATE SUMMARY FOR APRIL 1 2015...

CLIMATE NORMAL PERIOD 1981 TO 2010
CLIMATE RECORD PERIOD 1878 TO 2015


WEATHER ITEM   OBSERVED TIME   RECORD YEAR NORMAL DEPARTURE LAST
                VALUE   (LST)  VALUE       VALUE  FROM      YEAR
                                                  NORMAL
..................................................................
TEMPERATURE (F)
 YESTERDAY
  MAXIMUM         73    458 PM  86    1986  68      5       82
  MINIMUM         49    408 AM  24    1923  43      6       39
  AVERAGE         61                        56      5       61

PRECIPITATION (IN)
  YESTERDAY        0.00          1.26 1970   0.11  -0.11     0.00
  MONTH TO DATE    0.00                      0.11  -0.11     0.00
  SINCE MAR 1      2.19                      4.12  -1.93     4.48
  SINCE JAN 1      8.01                     10.85  -2.84    11.40

SNOWFALL (IN)
  YESTERDAY        0.0           0.1  1881   0.0    0.0      0.0
  MONTH TO DATE    0.0                       0.0    0.0      0.0
  SINCE MAR 1      0.0                       0.6   -0.6       T
  SINCE JUL 1      3.1                       4.3   -1.2      9.3
  SNOW DEPTH       0

DEGREE DAYS
 HEATING
  YESTERDAY        4                        10     -6        4
  MONTH TO DATE    4                        10     -6        4
  SINCE MAR 1    340                       443   -103      545
  SINCE JUL 1   3111                      3142    -31     3221

 COOLING
  YESTERDAY        0                         0      0        0
  MONTH TO DATE    0                         0      0        0
  SINCE MAR 1      7                         5      2        0
  SINCE JAN 1      7                         5      2        1
..................................................................


WIND (MPH)
  HIGHEST WIND SPEED    14   HIGHEST WIND DIRECTION    SE (130)
  HIGHEST GUST SPEED    23   HIGHEST GUST DIRECTION     E (110)
  AVERAGE WIND SPEED     7.1


SKY COVER
  POSSIBLE SUNSHINE  MM
  AVERAGE SKY COVER 0.2


WEATHER CONDITIONS
 THE FOLLOWING WEATHER WAS RECORDED YESTERDAY.
  NO SIGNIFICANT WEATHER WAS OBSERVED.


RELATIVE HUMIDITY (PERCENT)
 HIGHEST    77           500 AM
 LOWEST     11           400 PM
 AVERAGE    44

..........................................................


THE CHARLOTTE NC CLIMATE NORMALS FOR TODAY
                         NORMAL    RECORD    YEAR
 MAXIMUM TEMPERATURE (F)   68        86      2014
                                             2010
                                             1978
 MINIMUM TEMPERATURE (F)   43        28      1881


SUNRISE AND SUNSET
APRIL  2 2015.........SUNRISE   710 AM EDT   SUNSET   746 PM EDT
APRIL  3 2015.........SUNRISE   708 AM EDT   SUNSET   747 PM EDT


-  INDICATES NEGATIVE NUMBERS.
R  INDICATES RECORD WAS SET OR TIED.
MM INDICATES DATA IS MISSING.
T  INDICATES TRACE AMOUNT.

$$
