000
CDUS41 KILN 042052
CLICMH


CLIMATE REPORT
NATIONAL WEATHER SERVICE WILMINGTON OH
452 PM EDT MON MAY 4 2015


...................................

...THE COLUMBUS OH CLIMATE SUMMARY FOR MAY 4 2015...
VALID TODAY AS OF 0400 PM LOCAL TIME.

CLIMATE NORMAL PERIOD 1981 TO 2010
CLIMATE RECORD PERIOD 1869 TO 2015


WEATHER ITEM   OBSERVED TIME   RECORD YEAR NORMAL DEPARTURE LAST
                VALUE   (LST)  VALUE       VALUE  FROM      YEAR
                                                  NORMAL
..................................................................
TEMPERATURE (F)
 TODAY
  MAXIMUM         81    219 PM  89    1955  70     11       68
                                      1949
                                      1902
  MINIMUM         52    530 AM  31    2005  49      3       51
                                      1986
                                      1966
  AVERAGE         67                        59      8       60

PRECIPITATION (IN)
  TODAY            0.00          1.44 1990   0.13  -0.13     0.00
  MONTH TO DATE    T                         0.49  -0.49      T
  SINCE MAR 1      8.01                      6.91   1.10     8.06
  SINCE JAN 1     12.58                     11.89   0.69    12.85

SNOWFALL (IN)
  TODAY            0.0           0.0    MM   0.0    0.0      0.0
  MONTH TO DATE    0.0                       0.0    0.0      0.0
  SINCE MAR 1      5.4                       5.3    0.1      5.4
  SINCE JUL 1     33.4                      26.7    6.7     56.4
  SNOW DEPTH       0

DEGREE DAYS
 HEATING
  TODAY            0                         7     -7        5
  MONTH TO DATE   16                        29    -13       31
  SINCE MAR 1   1195                      1116     79     1168
  SINCE JUL 1   5749                      5111    638     5552

 COOLING
  TODAY            2                         1      1        0
  MONTH TO DATE    2                         4     -2        0
  SINCE MAR 1      2                        16    -14        8
  SINCE JAN 1      2                        16    -14        8
..................................................................


WIND (MPH)
  HIGHEST WIND SPEED    22   HIGHEST WIND DIRECTION    SW (210)
  HIGHEST GUST SPEED    29   HIGHEST GUST DIRECTION    SW (240)
  AVERAGE WIND SPEED     6.4


SKY COVER
  POSSIBLE SUNSHINE  MM
  AVERAGE SKY COVER 0.3


WEATHER CONDITIONS
 THE FOLLOWING WEATHER WAS RECORDED TODAY.
  NO SIGNIFICANT WEATHER WAS OBSERVED.


RELATIVE HUMIDITY (PERCENT)
 HIGHEST    83           300 AM
 LOWEST     35          1200 PM
 AVERAGE    59

..........................................................


THE COLUMBUS OH CLIMATE NORMALS FOR TOMORROW
                         NORMAL    RECORD    YEAR
 MAXIMUM TEMPERATURE (F)   70        92      1952
                                             1895
 MINIMUM TEMPERATURE (F)   49        32      1979


SUNRISE AND SUNSET
MAY  4 2015...........SUNRISE   628 AM EDT   SUNSET   829 PM EDT
MAY  5 2015...........SUNRISE   627 AM EDT   SUNSET   830 PM EDT


-  INDICATES NEGATIVE NUMBERS.
R  INDICATES RECORD WAS SET OR TIED.
MM INDICATES DATA IS MISSING.
T  INDICATES TRACE AMOUNT.




$$
