000
CDUS43 KILX 280646
CLICMI


CLIMATE REPORT
NATIONAL WEATHER SERVICE LINCOLN IL
146 AM CDT TUE APR 28 2015


...................................

...THE CHAMPAIGN IL AIRPORT CLIMATE SUMMARY FOR APRIL 27 2015...

CLIMATE NORMAL PERIOD 1981 TO 2010
CLIMATE RECORD PERIOD 9999 TO 9999


WEATHER ITEM   OBSERVED TIME   RECORD YEAR NORMAL DEPARTURE LAST
                VALUE   (LST)  VALUE       VALUE  FROM      YEAR
                                                  NORMAL
..................................................................
TEMPERATURE (F)
 YESTERDAY
  MAXIMUM         62    346 PM  MM      MM  68     -6       78
  MINIMUM         35   1220 AM  MM      MM  44     -9       51
  AVERAGE         49                        56     -7       65

PRECIPITATION (IN)
  YESTERDAY        0.00         MM      MM   0.14  -0.14     0.51
  MONTH TO DATE    3.01                      3.31  -0.30     2.57
  SINCE MAR 1      4.11                      6.06  -1.95     3.96
  SINCE JAN 1      5.78                     10.13  -4.35     6.71

DEGREE DAYS
 HEATING
  YESTERDAY       16                         9      7        0
  MONTH TO DATE  293                       382    -89      324
  SINCE MAR 1   1161                      1138     23     1247
  SINCE JUL 1   6037                      5640    397     6328

 COOLING
  YESTERDAY        0                         1     -1        0
  MONTH TO DATE    3                         1      2        3
  SINCE MAR 1      3                         2      1        3
  SINCE JAN 1      3                         2      1        3
..................................................................


WIND (MPH)
  HIGHEST WIND SPEED    24   HIGHEST WIND DIRECTION    NE (40)
  HIGHEST GUST SPEED    31   HIGHEST GUST DIRECTION    NE (40)
  AVERAGE WIND SPEED    13.3


SKY COVER
  POSSIBLE SUNSHINE  MM
  AVERAGE SKY COVER 0.1


WEATHER CONDITIONS
 THE FOLLOWING WEATHER WAS RECORDED YESTERDAY.
  NO SIGNIFICANT WEATHER WAS OBSERVED.


RELATIVE HUMIDITY (PERCENT)
 HIGHEST    82          1200 AM
 LOWEST     39           300 PM
 AVERAGE    61

..........................................................


THE CHAMPAIGN IL AIRPORT CLIMATE NORMALS FOR TODAY
                         NORMAL    RECORD    YEAR
 MAXIMUM TEMPERATURE (F)   69        MM        MM
 MINIMUM TEMPERATURE (F)   44        MM        MM


SUNRISE AND SUNSET
APRIL 28 2015.........SUNRISE   557 AM CDT   SUNSET   745 PM CDT
APRIL 29 2015.........SUNRISE   556 AM CDT   SUNSET   746 PM CDT


-  INDICATES NEGATIVE NUMBERS.
R  INDICATES RECORD WAS SET OR TIED.
MM INDICATES DATA IS MISSING.
T  INDICATES TRACE AMOUNT.




$$
