000
CDUS45 KPUB 040023
CLICOS


CLIMATE REPORT
NATIONAL WEATHER SERVICE PUEBLO
623 PM MDT SUN MAY 3 2015


...................................

...THE COLORADO SPRINGS CO CLIMATE SUMMARY FOR MAY 3 2015...
VALID TODAY AS OF 0500 PM LOCAL TIME.

CLIMATE NORMAL PERIOD 1981 TO 2010
CLIMATE RECORD PERIOD 1872 TO 2015


WEATHER ITEM   OBSERVED TIME   RECORD YEAR NORMAL DEPARTURE LAST
                VALUE   (LST)  VALUE       VALUE  FROM      YEAR
                                                  NORMAL
..................................................................
TEMPERATURE (F)
 TODAY
  MAXIMUM         75    957 AM  82    1963  65     10       80
  MINIMUM         45    328 AM  17    1907  39      6       43
  AVERAGE         60                        52      8       62

PRECIPITATION (IN)
  TODAY            0.00          0.92 1933   0.05  -0.05     0.00
  MONTH TO DATE    0.05                      0.16  -0.11     0.00
  SINCE MAR 1      1.83                      2.58  -0.75     1.34
  SINCE JAN 1      4.15                      3.24   0.91     2.23

SNOWFALL (IN)
  TODAY            0.0           8.0  1898   0.1   -0.1      0.0
  MONTH TO DATE    0.0                       0.2   -0.2      0.0
  SINCE MAR 1      5.6                      13.2   -7.6     10.3
  SINCE JUL 1     46.5                      37.2    9.3     34.4
  SNOW DEPTH       0

DEGREE DAYS
 HEATING
  TODAY            5                        13     -8        3
  MONTH TO DATE   19                        40    -21       37
  SINCE MAR 1   1177                      1399   -222     1335
  SINCE JUL 1   5398                      5962   -564     5822

 COOLING
  TODAY            0                         0      0        0
  MONTH TO DATE    0                         0      0        0
  SINCE MAR 1      0                         1     -1        0
  SINCE JAN 1      0                         1     -1        0
..................................................................


WIND (MPH)
  HIGHEST WIND SPEED    28   HIGHEST WIND DIRECTION    SE (120)
  HIGHEST GUST SPEED    34   HIGHEST GUST DIRECTION    NE (50)
  AVERAGE WIND SPEED     8.9


SKY COVER
  POSSIBLE SUNSHINE  MM
  AVERAGE SKY COVER 0.7


WEATHER CONDITIONS
 THE FOLLOWING WEATHER WAS RECORDED TODAY.
  NO SIGNIFICANT WEATHER WAS OBSERVED.


RELATIVE HUMIDITY (PERCENT)
 HIGHEST    71           100 AM
 LOWEST     17          1000 AM
 AVERAGE    44

..........................................................


THE COLORADO SPRINGS CO CLIMATE NORMALS FOR TOMORROW
                         NORMAL    RECORD    YEAR
 MAXIMUM TEMPERATURE (F)   66        86      2012
 MINIMUM TEMPERATURE (F)   39        24      1935
                                             1908


SUNRISE AND SUNSET
MAY  3 2015...........SUNRISE   559 AM MDT   SUNSET   753 PM MDT
MAY  4 2015...........SUNRISE   558 AM MDT   SUNSET   754 PM MDT


-  INDICATES NEGATIVE NUMBERS.
R  INDICATES RECORD WAS SET OR TIED.
MM INDICATES DATA IS MISSING.
T  INDICATES TRACE AMOUNT.




$$
