000
CDUS44 KCRP 210905
CLICRP

CLIMATE REPORT
NATIONAL WEATHER SERVICE CORPUS CHRISTI TX
402 AM CDT TUE APR 21 2015


...................................

...THE CORPUS CHRISTI CLIMATE SUMMARY FOR APRIL 20 2015...

CLIMATE NORMAL PERIOD 1981 TO 2010
CLIMATE RECORD PERIOD 1887 TO 2015


WEATHER ITEM   OBSERVED TIME   RECORD YEAR NORMAL DEPARTURE LAST
                VALUE   (LST)  VALUE       VALUE  FROM      YEAR
                                                  NORMAL
..................................................................
TEMPERATURE (F)
 YESTERDAY
  MAXIMUM         76    312 AM  89    1984  83     -7       83
                                      1892
  MINIMUM         63   1159 PM  47    2013  64     -1       69
                                      1980
  AVERAGE         70                        73     -3       76

PRECIPITATION (IN)
  YESTERDAY        T             1.92 1945   0.06  -0.06     0.00
  MONTH TO DATE    4.51                      1.16   3.35     0.43
  SINCE MAR 1     10.64                      3.05   7.59     2.08
  SINCE JAN 1     14.09                      6.52   7.57     2.99

SNOWFALL (IN)
  YESTERDAY        0.0
  MONTH TO DATE    0.0
  SINCE MAR 1      0.0
  SINCE JUL 1      0.0
  SNOW DEPTH       0

DEGREE DAYS
 HEATING
  YESTERDAY        0                         0      0        0
  MONTH TO DATE    0                        15    -15       14
  SINCE MAR 1    116                        96     20      146
  SINCE JUL 1   1053                       896    157     1145

 COOLING
  YESTERDAY        5                         9     -4       11
  MONTH TO DATE  188                       142     46      130
  SINCE MAR 1    263                       257      6      214
  SINCE JAN 1    291                       333    -42      291
..................................................................


WIND (MPH)
  HIGHEST WIND SPEED    30   HIGHEST WIND DIRECTION    NE (40)
  HIGHEST GUST SPEED    38   HIGHEST GUST DIRECTION    NE (40)
  AVERAGE WIND SPEED    13.1


SKY COVER
  POSSIBLE SUNSHINE  MM
  AVERAGE SKY COVER 0.9


WEATHER CONDITIONS
 THE FOLLOWING WEATHER WAS RECORDED YESTERDAY.
  FOG


RELATIVE HUMIDITY (PERCENT)
 HIGHEST    93          1200 AM
 LOWEST     41           300 PM
 AVERAGE    67

..........................................................


THE CORPUS CHRISTI CLIMATE NORMALS FOR TODAY
                         NORMAL    RECORD    YEAR
 MAXIMUM TEMPERATURE (F)   83        95      2009
 MINIMUM TEMPERATURE (F)   64        51      1980


SUNRISE AND SUNSET
APRIL 21 2015.........SUNRISE   700 AM CDT   SUNSET   758 PM CDT
APRIL 22 2015.........SUNRISE   659 AM CDT   SUNSET   759 PM CDT


-  INDICATES NEGATIVE NUMBERS.
R  INDICATES RECORD WAS SET OR TIED.
MM INDICATES DATA IS MISSING.
T  INDICATES TRACE AMOUNT.




$$
