000
CDUS42 KCAE 180655
CLICUB


CLIMATE REPORT
NATIONAL WEATHER SERVICE COLUMBIA SC
255 AM EDT SAT APR 18 2015


...................................

...THE HAMILTON - OWENS AIRPORT SC CLIMATE SUMMARY FOR APRIL 17 2015...

CLIMATE NORMAL PERIOD 1981 TO 2010
CLIMATE RECORD PERIOD 9999 TO 9999


WEATHER ITEM   OBSERVED TIME   NORMAL DEPARTURE LAST
                VALUE   (LST)  VALUE  FROM      YEAR
                                      NORMAL
......................................................
TEMPERATURE (F)
 YESTERDAY
  MAXIMUM         72    417 PM  77     -5       69
  MINIMUM         57    413 AM  53      4       39
  AVERAGE         65            65      0       54

PRECIPITATION (IN)
  YESTERDAY        0.04          0.08  -0.04     0.00
  MONTH TO DATE    1.37          1.62  -0.25     0.84
  SINCE MAR 1      4.01          5.50  -1.49     4.73
  SINCE JAN 1     11.93         12.78  -0.85    11.11

DEGREE DAYS
 HEATING
  YESTERDAY        0             3     -3       11
  MONTH TO DATE   21            71    -50       52
  SINCE MAR 1    229           345   -116      444
  SINCE JUL 1   2355          2274     81     2436

 COOLING
  YESTERDAY        0             3     -3        0
  MONTH TO DATE   88            38     50       39
  SINCE MAR 1    109            53     56       41
  SINCE JAN 1    109            56     53       47
......................................................


WIND (MPH)
  HIGHEST WIND SPEED     6   HIGHEST WIND DIRECTION     S (170)
  HIGHEST GUST SPEED     8   HIGHEST GUST DIRECTION    NW (320)
  AVERAGE WIND SPEED     0.9


SKY COVER
  AVERAGE SKY COVER 0.9


WEATHER CONDITIONS
 THE FOLLOWING WEATHER WAS RECORDED YESTERDAY.
  LIGHT RAIN
  FOG
  HAZE


RELATIVE HUMIDITY (PERCENT)
 HIGHEST    93          1200 AM
 LOWEST     73           200 PM

..........................................................


THE HAMILTON - OWENS AIRPORT SC CLIMATE NORMALS FOR TODAY
                         NORMAL    RECORD    YEAR
 MAXIMUM TEMPERATURE (F)   77        MM        MM
 MINIMUM TEMPERATURE (F)   53        MM        MM


SUNRISE AND SUNSET
APRIL 18 2015.........SUNRISE   650 AM EDT   SUNSET   757 PM EDT
APRIL 19 2015.........SUNRISE   649 AM EDT   SUNSET   758 PM EDT


-  INDICATES NEGATIVE NUMBERS.
R  INDICATES RECORD WAS SET OR TIED.
MM INDICATES DATA IS MISSING.
T  INDICATES TRACE AMOUNT.




$$
