000
CDUS41 KILN 040556
CLICVG


CLIMATE REPORT
NATIONAL WEATHER SERVICE WILMINGTON OH
155 AM EDT MON MAY 4 2015


...................................

...THE CINCINNATI OH CLIMATE SUMMARY FOR MAY 3 2015...

CLIMATE NORMAL PERIOD 1981 TO 2010
CLIMATE RECORD PERIOD 1869 TO 2015


WEATHER ITEM   OBSERVED TIME   RECORD YEAR NORMAL DEPARTURE LAST
                VALUE   (LST)  VALUE       VALUE  FROM      YEAR
                                                  NORMAL
..................................................................
TEMPERATURE (F)
 YESTERDAY
  MAXIMUM         77    409 PM  87    1959  70      7       68
                                      1928
                                      1902
  MINIMUM         47    516 AM  30    2005  49     -2       42
  AVERAGE         62                        60      2       55

PRECIPITATION (IN)
  YESTERDAY        0.00          1.28 1983   0.16  -0.16      T
  MONTH TO DATE    0.00                      0.47  -0.47      T
  SINCE MAR 1     11.45                      8.32   3.13     9.07
  SINCE JAN 1     15.60                     14.13   1.47    14.61

SNOWFALL (IN)
  YESTERDAY        0.0           0.0    MM   0.0    0.0      0.0
  MONTH TO DATE    0.0                       0.0    0.0      0.0
  SINCE MAR 1      4.9                       3.5    1.4      3.9
  SINCE JUL 1     29.9                      22.1    7.8     47.5
  SNOW DEPTH       0

DEGREE DAYS
 HEATING
  YESTERDAY        3                         6     -3       10
  MONTH TO DATE   13                        20     -7       36
  SINCE MAR 1    995                      1027    -32     1089
  SINCE JUL 1   5222                      4854    368     5333

 COOLING
  YESTERDAY        0                         1     -1        0
  MONTH TO DATE    0                         3     -3        0
  SINCE MAR 1      5                        21    -16        7
  SINCE JAN 1      5                        21    -16        7
..................................................................


WIND (MPH)
  RESULTANT WIND SPEED   5   RESULTANT WIND DIRECTION   S (190)
  HIGHEST WIND SPEED    16   HIGHEST WIND DIRECTION     S (180)
  HIGHEST GUST SPEED    21   HIGHEST GUST DIRECTION     S (180)
  AVERAGE WIND SPEED     5.4


SKY COVER
  POSSIBLE SUNSHINE  MM
  AVERAGE SKY COVER 0.4


WEATHER CONDITIONS
 THE FOLLOWING WEATHER WAS RECORDED YESTERDAY.
  NO SIGNIFICANT WEATHER WAS OBSERVED.


RELATIVE HUMIDITY (PERCENT)
 HIGHEST    86           300 AM
 LOWEST     36           400 PM
 AVERAGE    61

..........................................................


THE CINCINNATI OH CLIMATE NORMALS FOR TODAY
                         NORMAL    RECORD    YEAR
 MAXIMUM TEMPERATURE (F)   71        90      1949
 MINIMUM TEMPERATURE (F)   50        30      1971


SUNRISE AND SUNSET
MAY  4 2015...........SUNRISE   637 AM EDT   SUNSET   834 PM EDT
MAY  5 2015...........SUNRISE   636 AM EDT   SUNSET   835 PM EDT


-  INDICATES NEGATIVE NUMBERS.
R  INDICATES RECORD WAS SET OR TIED.
MM INDICATES DATA IS MISSING.
T  INDICATES TRACE AMOUNT.




$$
