000
CDUS43 KUNR 010836
CLID07


CLIMATE REPORT
NATIONAL WEATHER SERVICE RAPID CITY SD
233 AM MDT WED APR 1 2015


...................................

...THE FAITH SD CLIMATE SUMMARY FOR MARCH 31 2015...

CLIMATE NORMAL PERIOD 1981 TO 2010
CLIMATE RECORD PERIOD 9999 TO 9999


WEATHER ITEM   OBSERVED TIME   NORMAL DEPARTURE LAST
                VALUE   (LST)  VALUE  FROM      YEAR
                                      NORMAL
......................................................
TEMPERATURE (F)
 YESTERDAY
  MAXIMUM         81    235 PM  49     32       31
  MINIMUM         40    309 AM  27     13        8
  AVERAGE         61            38     23       20

PRECIPITATION (IN)
  YESTERDAY        0.00          0.05  -0.05     0.17
  MONTH TO DATE    0.15          0.98  -0.83     1.19
  SINCE MAR 1      0.15          0.98  -0.83     1.19
  SINCE JAN 1      0.58          1.60  -1.02     2.09

DEGREE DAYS
 HEATING
  YESTERDAY        4            27    -23       45
  MONTH TO DATE  724          1005   -281     1118
  SINCE MAR 1    724          1003   -279     1118
  SINCE JUL 1   6223          6691   -468     7204

 COOLING
  YESTERDAY        0             0      0        0
  MONTH TO DATE    2             0      2        0
  SINCE MAR 1      2             0      2        0
  SINCE JAN 1      2             0      2        0
......................................................


WIND (MPH)
  HIGHEST WIND SPEED    21   HIGHEST WIND DIRECTION    SW (220)
  HIGHEST GUST SPEED    25   HIGHEST GUST DIRECTION     S (200)
  AVERAGE WIND SPEED    10.7




RELATIVE HUMIDITY (PERCENT)
 HIGHEST    55           300 AM
 LOWEST     10           300 PM
 AVERAGE    33

..........................................................




SUNRISE AND SUNSET
APRIL  1 2015.........SUNRISE   629 AM MDT   SUNSET   716 PM MDT
APRIL  2 2015.........SUNRISE   627 AM MDT   SUNSET   717 PM MDT


-  INDICATES NEGATIVE NUMBERS.
R  INDICATES RECORD WAS SET OR TIED.
MM INDICATES DATA IS MISSING.
T  INDICATES TRACE AMOUNT.




$$
