000
CDUS42 KMLB 181143 CCA
CLIDAB

CLIMATE REPORT...CORRECTION FOR TEMP TIMES AND PEAK GUST
NATIONAL WEATHER SERVICE MELBOURNE FL
742 AM EDT SAT APR 18 2015

...................................

...THE DAYTONA BEACH CLIMATE SUMMARY FOR APRIL 17 2015...

CLIMATE NORMAL PERIOD 1981 TO 2010
CLIMATE RECORD PERIOD 1923 TO 2015


WEATHER ITEM   OBSERVED TIME   RECORD YEAR NORMAL DEPARTURE LAST
                VALUE   (LST)  VALUE       VALUE  FROM      YEAR
                                                  NORMAL
..................................................................
TEMPERATURE (F)
 YESTERDAY
  MAXIMUM         76     1227   89    1972  79     -3       77
  MINIMUM         69     2359   39    1962  59     10       59
  AVERAGE         73                        69      4       68

PRECIPITATION (IN)
  YESTERDAY        T             0.43 1946   0.06  -0.06     0.00
  MONTH TO DATE    4.32                      1.40   2.92     1.63
  SINCE MAR 1      5.18                      5.64  -0.46     6.35
  SINCE JAN 1     10.61                     11.16  -0.55    12.93

SNOWFALL (IN)
  YESTERDAY        0.0
  MONTH TO DATE    0.0
  SINCE JUL 1      0.0

DEGREE DAYS
 HEATING
  YESTERDAY        0                         1     -1        0
  MONTH TO DATE    0                        20    -20        9
  SINCE MAR 1     35                       117    -82       89
  SINCE JUL 1    682                       799   -117      602

 COOLING
  YESTERDAY        8                         5      3        3
  MONTH TO DATE  169                        69    100       86
  SINCE MAR 1    359                       146    213      145
  SINCE JAN 1    399                       211    188      229
..................................................................


WIND (MPH)
  HIGHEST WIND SPEED     9   HIGHEST WIND DIRECTION    NE (50)
  HIGHEST GUST SPEED    13   HIGHEST GUST DIRECTION    NE (50)
  AVERAGE WIND SPEED     5.3



SKY COVER
  AVERAGE SKY COVER 0.9


WEATHER CONDITIONS
 THE FOLLOWING WEATHER WAS RECORDED YESTERDAY.
  LIGHT RAIN
  FOG


RELATIVE HUMIDITY (PERCENT)
 HIGHEST   100          1000 PM
 LOWEST     82           900 AM
 AVERAGE    91

..........................................................


THE DAYTONA BEACH CLIMATE NORMALS FOR TODAY
                         NORMAL    RECORD    YEAR
 MAXIMUM TEMPERATURE (F)   80        92      1967
 MINIMUM TEMPERATURE (F)   59        45      2001
                                             1952


SUNRISE AND SUNSET
APRIL 18 2015.........SUNRISE   655 AM EDT   SUNSET   752 PM EDT
APRIL 19 2015.........SUNRISE   654 AM EDT   SUNSET   753 PM EDT


-  INDICATES NEGATIVE NUMBERS.
R  INDICATES RECORD WAS SET OR TIED.
MM INDICATES DATA IS MISSING.
T  INDICATES TRACE AMOUNT.




$$
