000
CDUS44 KFWD 020640
CLIDFW


CLIMATE REPORT
NATIONAL WEATHER SERVICE FORT WORTH TX
139 AM CDT THU APR 2 2015


...................................

...THE DALLAS FORT WORTH CLIMATE SUMMARY FOR APRIL 1 2015...

CLIMATE NORMAL PERIOD 1981 TO 2010
CLIMATE RECORD PERIOD 1898 TO 2015


WEATHER ITEM   OBSERVED TIME   RECORD YEAR NORMAL DEPARTURE LAST
                VALUE   (LST)  VALUE       VALUE  FROM      YEAR
                                                  NORMAL
..................................................................
TEMPERATURE (F)
 YESTERDAY
  MAXIMUM         79    236 PM  93    1918  73      6       84
  MINIMUM         65    526 AM  31    1899  51     14       66
  AVERAGE         72                        62     10       75

PRECIPITATION (IN)
  YESTERDAY        0.10          2.51 1916   0.10   0.00     0.00
  MONTH TO DATE    0.10                      0.10   0.00     0.00
  SINCE MAR 1      2.63                      3.59  -0.96     1.45
  SINCE JAN 1      9.21                      8.38   0.83     2.19

SNOWFALL (IN)
  YESTERDAY        0.0           0.0    MM   0.0    0.0      0.0
  MONTH TO DATE    0.0                       0.0    0.0      0.0
  SINCE MAR 1      3.5                       0.2    3.3      0.1
  SINCE JUL 1      5.8                       1.2    4.6      2.9
  SNOW DEPTH       0

DEGREE DAYS
 HEATING
  YESTERDAY        0                         5     -5        0
  MONTH TO DATE    0                         5     -5        0
  SINCE MAR 1    301                       266     35      321
  SINCE JUL 1   2337                      2198    139     2494

 COOLING
  YESTERDAY        7                         2      5       10
  MONTH TO DATE    7                         2      5       10
  SINCE MAR 1     41                        34      7       32
  SINCE JAN 1     41                        41      0       32
..................................................................


WIND (MPH)
  HIGHEST WIND SPEED    25   HIGHEST WIND DIRECTION     S (170)
  HIGHEST GUST SPEED    32   HIGHEST GUST DIRECTION     S (170)
  AVERAGE WIND SPEED    13.3


SKY COVER
  POSSIBLE SUNSHINE  MM
  AVERAGE SKY COVER 0.7


WEATHER CONDITIONS
 THE FOLLOWING WEATHER WAS RECORDED YESTERDAY.
  THUNDERSTORM
  RAIN
  LIGHT RAIN
  FOG
  HAZE


RELATIVE HUMIDITY (PERCENT)
 HIGHEST    93           600 AM
 LOWEST     60           300 PM
 AVERAGE    77

..........................................................


THE DALLAS FORT WORTH CLIMATE NORMALS FOR TODAY
                         NORMAL    RECORD    YEAR
 MAXIMUM TEMPERATURE (F)   73        94      1918
 MINIMUM TEMPERATURE (F)   51        32      1936


SUNRISE AND SUNSET
APRIL  2 2015.........SUNRISE   715 AM CDT   SUNSET   749 PM CDT
APRIL  3 2015.........SUNRISE   714 AM CDT   SUNSET   750 PM CDT


-  INDICATES NEGATIVE NUMBERS.
R  INDICATES RECORD WAS SET OR TIED.
MM INDICATES DATA IS MISSING.
T  INDICATES TRACE AMOUNT.




$$
