000
CDUS43 KBIS 250724
CLIDIK


CLIMATE REPORT
NATIONAL WEATHER SERVICE BISMARCK ND
223 AM CDT SAT APR 25 2015


...................................

...THE DICKINSON ND CLIMATE SUMMARY FOR APRIL 24 2015...

CLIMATE NORMAL PERIOD 1981 TO 2010
CLIMATE RECORD PERIOD 1893 TO 2015


WEATHER ITEM   OBSERVED TIME   RECORD YEAR NORMAL DEPARTURE LAST
                VALUE   (LST)  VALUE       VALUE  FROM      YEAR
                                                  NORMAL
..................................................................
TEMPERATURE (F)
 YESTERDAY
  MAXIMUM         69    345 PM  90    2012  59     10       62
  MINIMUM         26    506 AM  18    1931  32     -6       32
  AVERAGE         48                        46      2       47

PRECIPITATION (IN)
  YESTERDAY        0.00          0.90 1990   0.06  -0.06     0.00
  MONTH TO DATE    0.63                      1.08  -0.45     0.04
  SINCE MAR 1      1.10                      1.77  -0.67     0.54
  SINCE JAN 1      1.37                      2.40  -1.03     0.71

DEGREE DAYS
 HEATING
  YESTERDAY       17                        19     -2       18
  MONTH TO DATE  534                       572    -38      649
  SINCE MAR 1   1362                      1658   -296     1845
  SINCE JUL 1   7477                      7952   -475     8487

 COOLING
  YESTERDAY        0                         0      0        0
  MONTH TO DATE    0                         0      0        0
  SINCE MAR 1      0                         0      0        0
  SINCE JAN 1      0                         0      0        0
..................................................................


WIND (MPH)
  HIGHEST WIND SPEED    15   HIGHEST WIND DIRECTION     E (70)
  HIGHEST GUST SPEED    18   HIGHEST GUST DIRECTION     E (70)
  AVERAGE WIND SPEED     7.0


SKY COVER
  POSSIBLE SUNSHINE  MM
  AVERAGE SKY COVER 0.0


WEATHER CONDITIONS
 THE FOLLOWING WEATHER WAS RECORDED YESTERDAY.
  NO SIGNIFICANT WEATHER WAS OBSERVED.


RELATIVE HUMIDITY (PERCENT)
 HIGHEST    70          1000 PM
 LOWEST     27           300 PM
 AVERAGE    49

..........................................................


THE DICKINSON ND CLIMATE NORMALS FOR TODAY
                         NORMAL    RECORD    YEAR
 MAXIMUM TEMPERATURE (F)   60        82      1952
 MINIMUM TEMPERATURE (F)   33        13      1907


SUNRISE AND SUNSET
APRIL 25 2015.........SUNRISE   546 AM MDT   SUNSET   753 PM MDT
APRIL 26 2015.........SUNRISE   545 AM MDT   SUNSET   754 PM MDT


-  INDICATES NEGATIVE NUMBERS.
R  INDICATES RECORD WAS SET OR TIED.
MM INDICATES DATA IS MISSING.
T  INDICATES TRACE AMOUNT.




$$
