000
CDUS43 KDLH 050620
CLIDLH


CLIMATE REPORT
NATIONAL WEATHER SERVICE DULUTH MN
120 AM CDT TUE MAY 5 2015


...................................

...THE DULUTH MN CLIMATE SUMMARY FOR MAY 4 2015...

CLIMATE NORMAL PERIOD 1981 TO 2010
CLIMATE RECORD PERIOD 1870 TO 2015


WEATHER ITEM   OBSERVED TIME   RECORD YEAR NORMAL DEPARTURE LAST
                VALUE   (LST)  VALUE       VALUE  FROM      YEAR
                                                  NORMAL
..................................................................
TEMPERATURE (F)
 YESTERDAY
  MAXIMUM         67    507 PM  86    1980  58      9       53
  MINIMUM         41   1059 PM  23    1967  37      4       31
  AVERAGE         54                        48      6       42

PRECIPITATION (IN)
  YESTERDAY        0.00          1.35 1982   0.10  -0.10     0.00
  MONTH TO DATE    0.01                      0.40  -0.39     0.10
  SINCE MAR 1      1.83                      4.32  -2.49     5.31
  SINCE JAN 1      2.67                      6.09  -3.42     8.16

SNOWFALL (IN)
  YESTERDAY        0.0           2.0  1890   0.0    0.0      0.0
  MONTH TO DATE    0.0                       0.1   -0.1      0.0
  SINCE MAR 1      9.3                      20.2  -10.9     47.2
  SINCE JUL 1     49.2                      85.8  -36.6    131.0
  SNOW DEPTH       0

DEGREE DAYS
 HEATING
  YESTERDAY       11                        17     -6       23
  MONTH TO DATE   28                        71    -43       90
  SINCE MAR 1   1762                      2043   -281     2415
  SINCE JUL 1   8601                      8910   -309     9856

 COOLING
  YESTERDAY        0                         0      0        0
  MONTH TO DATE    0                         0      0        0
  SINCE MAR 1      0                         0      0        0
  SINCE JAN 1      0                         0      0        0
..................................................................


WIND (MPH)
  HIGHEST WIND SPEED    18   HIGHEST WIND DIRECTION    NW (330)
  HIGHEST GUST SPEED    24   HIGHEST GUST DIRECTION    NW (310)
  AVERAGE WIND SPEED     7.0


SKY COVER
  AVERAGE SKY COVER 0.0


WEATHER CONDITIONS
 THE FOLLOWING WEATHER WAS RECORDED YESTERDAY.
  NO SIGNIFICANT WEATHER WAS OBSERVED.


RELATIVE HUMIDITY (PERCENT)
 HIGHEST    70           600 AM
 LOWEST     15           300 PM
 AVERAGE    43

..........................................................


THE DULUTH MN CLIMATE NORMALS FOR TODAY
                         NORMAL    RECORD    YEAR
 MAXIMUM TEMPERATURE (F)   59        87      1918
 MINIMUM TEMPERATURE (F)   38        19      1989


SUNRISE AND SUNSET
MAY  5 2015...........SUNRISE   548 AM CDT   SUNSET   824 PM CDT
MAY  6 2015...........SUNRISE   546 AM CDT   SUNSET   825 PM CDT


-  INDICATES NEGATIVE NUMBERS.
R  INDICATES RECORD WAS SET OR TIED.
MM INDICATES DATA IS MISSING.
T  INDICATES TRACE AMOUNT.




$$
