000
CDUS41 KLWX 062135
CLIDMH


CLIMATE REPORT
NATIONAL WEATHER SERVICE BALTIMORE MD/WASHINGTON DC
535 PM EDT WED MAY 6 2015


...................................

...THE BALTIMORE INNER HARBOR MD CLIMATE SUMMARY FOR MAY 6 2015...
VALID TODAY AS OF 0500 PM LOCAL TIME.

CLIMATE NORMAL PERIOD 1981 TO 2010
CLIMATE RECORD PERIOD 9999 TO 9999


WEATHER ITEM   OBSERVED TIME   RECORD YEAR NORMAL DEPARTURE LAST
                VALUE   (LST)  VALUE       VALUE  FROM      YEAR
                                                  NORMAL
..................................................................
TEMPERATURE (F)
 TODAY
  MAXIMUM         81    323 PM  MM      MM  72      9       74
  MINIMUM         65    550 AM  MM      MM  54     11       53
  AVERAGE         73                        63     10       64

PRECIPITATION (IN)
  TODAY            0.00         MM      MM   0.10  -0.10     0.00
  MONTH TO DATE    0.00                      0.62  -0.62     0.22
  SINCE MAR 1      7.39                      7.70  -0.31    13.72
  SINCE JAN 1     13.21                     13.22  -0.01    20.05

DEGREE DAYS
 HEATING
  TODAY            0                         4     -4        1
  MONTH TO DATE   12                        26    -14        9
  SINCE MAR 1    846                       883    -37     1028
  SINCE JUL 1   4360                      3971    389     4098

 COOLING
  TODAY            8                         2      6        0
  MONTH TO DATE   31                        11     20        4
  SINCE MAR 1     40                        36      4       18
  SINCE JAN 1     40                        36      4       18
..................................................................


WIND (MPH)
  HIGHEST WIND SPEED    MM   HIGHEST WIND DIRECTION    MM
  HIGHEST GUST SPEED    MM   HIGHEST GUST DIRECTION    MM
  AVERAGE WIND SPEED    MM


SKY COVER
  POSSIBLE SUNSHINE  MM



RELATIVE HUMIDITY (PERCENT)
 HIGHEST    87           500 AM
 LOWEST     45           200 PM
 AVERAGE    66

..........................................................


THE BALTIMORE INNER HARBOR MD CLIMATE NORMALS FOR TOMORROW
                         NORMAL    RECORD    YEAR
 MAXIMUM TEMPERATURE (F)   73        MM        MM
 MINIMUM TEMPERATURE (F)   54        MM        MM


SUNRISE AND SUNSET
MAY  6 2015...........SUNRISE   602 AM EDT   SUNSET   804 PM EDT
MAY  7 2015...........SUNRISE   601 AM EDT   SUNSET   805 PM EDT


-  INDICATES NEGATIVE NUMBERS.
R  INDICATES RECORD WAS SET OR TIED.
MM INDICATES DATA IS MISSING.
T  INDICATES TRACE AMOUNT.




$$
