000
CDUS45 KEPZ 050927
CLIDMN


CLIMATE REPORT
NATIONAL WEATHER SERVICE EL PASO, TX
326 AM MDT TUE MAY 5 2015


...................................

...THE DEMING CLIMATE SUMMARY FOR MAY 4 2015...

CLIMATE NORMAL PERIOD 1981 TO 2010
CLIMATE RECORD PERIOD 2000 TO 2015


WEATHER ITEM   OBSERVED TIME   NORMAL DEPARTURE LAST
                VALUE   (LST)  VALUE  FROM      YEAR
                                      NORMAL
......................................................
TEMPERATURE (F)
 YESTERDAY
  MAXIMUM         82    207 PM  84              89
  MINIMUM         55    228 AM  48              44
  AVERAGE         69            66      3       67

PRECIPITATION (IN)
  YESTERDAY        0.01          0.03  -0.02     0.00
  MONTH TO DATE    0.01          0.12  -0.11      T
  SINCE MAR 1      0.98          0.90   0.08     0.57
  SINCE JAN 1      2.45          2.10   0.35     0.57

......................................................


WIND (MPH)
  HIGHEST WIND SPEED    32   HIGHEST WIND DIRECTION    SW (240)
  HIGHEST GUST SPEED    43   HIGHEST GUST DIRECTION     W (260)
  AVERAGE WIND SPEED     8.2


SKY COVER
  AVERAGE SKY COVER 0.4


WEATHER CONDITIONS
 THE FOLLOWING WEATHER WAS RECORDED YESTERDAY.
  LIGHT RAIN


RELATIVE HUMIDITY (PERCENT)
 HIGHEST    57           600 AM
 LOWEST     23           100 PM
 AVERAGE    40

..........................................................


THE DEMING CLIMATE NORMALS FOR TODAY
                         NORMAL
 MAXIMUM TEMPERATURE (F)   84
 MINIMUM TEMPERATURE (F)   48


SUNRISE AND SUNSET
MAY  5 2015...........SUNRISE   621 AM MDT   SUNSET   754 PM MDT
MAY  6 2015...........SUNRISE   620 AM MDT   SUNSET   755 PM MDT


-  INDICATES NEGATIVE NUMBERS.
R  INDICATES RECORD WAS SET OR TIED.
MM INDICATES DATA IS MISSING.
T  INDICATES TRACE AMOUNT.




$$
