000
CDUS45 KTWC 040826
CLIDUG

CLIMATE REPORT
NATIONAL WEATHER SERVICE TUCSON AZ
124 AM MST MON MAY 4 2015


...................................

...THE DOUGLAS AZ CLIMATE SUMMARY FOR MAY 3 2015...

CLIMATE NORMAL PERIOD 1981 TO 2010
CLIMATE RECORD PERIOD 1948 TO 2015


WEATHER ITEM   OBSERVED TIME   RECORD YEAR NORMAL DEPARTURE LAST
                VALUE   (LST)  VALUE       VALUE  FROM      YEAR
                                                  NORMAL
..................................................................
TEMPERATURE (F)
 YESTERDAY
  MAXIMUM         83    337 PM  94    2000  84     -1       88
  MINIMUM         51    518 AM  32    1955  48      3       41
                                      1953
  AVERAGE         67                        66      1       65

PRECIPITATION (IN)
  YESTERDAY        0.00          0.14 1986   0.00   0.00     0.00
  MONTH TO DATE    T                         0.02  -0.02     0.00
  SINCE OCT 1      4.80                      4.69   0.11     1.39
  SINCE JAN 1      2.83                      2.14   0.69     0.57

DEGREE DAYS
 HEATING
  YESTERDAY        0                         2     -2        0
  MONTH TO DATE    0                         6     -6        2
  SINCE MAR 1    381                       471    -90      374
  SINCE JUL 1   2219                      2507   -288     2338

 COOLING
  YESTERDAY        2                         3     -1        0
  MONTH TO DATE    7                         9     -2        0
  SINCE MAR 1     11                        39    -28       18
  SINCE JAN 1     11                        39    -28       18
..................................................................


WIND (MPH)
  HIGHEST WIND SPEED    20   HIGHEST WIND DIRECTION    SW (210)
  HIGHEST GUST SPEED    27   HIGHEST GUST DIRECTION    SE (150)
  AVERAGE WIND SPEED     6.5


SKY COVER
  POSSIBLE SUNSHINE  MM
  AVERAGE SKY COVER 0.3


WEATHER CONDITIONS
 THE FOLLOWING WEATHER WAS RECORDED YESTERDAY.
  NO SIGNIFICANT WEATHER WAS OBSERVED.


RELATIVE HUMIDITY (PERCENT)
 HIGHEST    66
 LOWEST     16
 AVERAGE    41

..........................................................


THE DOUGLAS AZ CLIMATE NORMALS FOR TODAY
                         NORMAL    RECORD    YEAR
 MAXIMUM TEMPERATURE (F)   85        96      2000
 MINIMUM TEMPERATURE (F)   48        38      2010


SUNRISE AND SUNSET
MAY  4 2015...........SUNRISE   531 AM MST   SUNSET   700 PM MST
MAY  5 2015...........SUNRISE   530 AM MST   SUNSET   701 PM MST


-  INDICATES NEGATIVE NUMBERS.
R  INDICATES RECORD WAS SET OR TIED.
MM INDICATES DATA IS MISSING.
T  INDICATES TRACE AMOUNT.




$$
