000
CDUS46 KEKA 251212
CLIEKA


CLIMATE REPORT
NATIONAL WEATHER SERVICE EUREKA CA
512 AM PDT SAT APR 25 2015


...................................

...THE EUREKA CA CLIMATE SUMMARY FOR APRIL 24 2015...

CLIMATE NORMAL PERIOD 1981 TO 2010
CLIMATE RECORD PERIOD 1886 TO 2015


WEATHER ITEM   OBSERVED RECORD YEAR NORMAL DEPARTURE LAST
                VALUE   VALUE       VALUE  FROM      YEAR
                                           NORMAL
...........................................................
TEMPERATURE (F)
 YESTERDAY
  MAXIMUM         58     70    2013  58      0       59
  MINIMUM         46     36    2008  45      1       50
  AVERAGE         52                 52      0       55

PRECIPITATION (IN)
  YESTERDAY        0.01   0.96 1983   0.09  -0.08     0.26
  MONTH TO DATE    2.56               2.80  -0.24     1.18
  SINCE OCT 1     30.55              36.20  -5.65    16.77
  SINCE JAN 1     12.17              20.23  -8.06    14.87

SNOWFALL (IN)
  YESTERDAY        0.0   MM      MM   0.0    0.0      0.0
  MONTH TO DATE    T                  0.0    0.0      0.0
  SINCE MAR 1      T                  0.0    0.0      0.0
  SINCE JUL 1      T                  0.2   -0.2       T
  SNOW DEPTH       0

DEGREE DAYS
 HEATING
  YESTERDAY       13                 13      0       10
  MONTH TO DATE  355                346      9      312
  SINCE MAR 1    750                822    -72      722
  SINCE JUL 1   2905               3744   -839     3813

 COOLING
  YESTERDAY        0                  0      0        0
  MONTH TO DATE    0                  0      0        0
  SINCE MAR 1      0                  0      0        0
  SINCE JAN 1      0                  0      0        0
...........................................................


WIND (MPH)
  HIGHEST WIND SPEED    10   HIGHEST WIND DIRECTION     W (270)
  HIGHEST GUST SPEED    15   HIGHEST GUST DIRECTION    MM
  AVERAGE WIND SPEED     3.0


SKY COVER
  AVERAGE SKY COVER 1.0


WEATHER CONDITIONS
 THE FOLLOWING WEATHER WAS RECORDED YESTERDAY.
  LIGHT RAIN
  FOG


..........................................................


THE EUREKA CA CLIMATE NORMALS FOR TODAY
                         NORMAL    RECORD    YEAR
 MAXIMUM TEMPERATURE (F)   58        72      1897
 MINIMUM TEMPERATURE (F)   45        37      1949
                                             1932


SUNRISE AND SUNSET
APRIL 25 2015.........SUNRISE   623 AM PDT   SUNSET   807 PM PDT
APRIL 26 2015.........SUNRISE   622 AM PDT   SUNSET   808 PM PDT


-  INDICATES NEGATIVE NUMBERS.
R  INDICATES RECORD WAS SET OR TIED.
MM INDICATES DATA IS MISSING.
T  INDICATES TRACE AMOUNT.




&&

..........................................................

TOTAL SEASON     NORMAL   % OF NORMAL     LAST SEASON

    30.55         36.20        84            16.77


$$
