000
CDUS45 KLKN 060939
CLIELY


CLIMATE REPORT
NATIONAL WEATHER SERVICE ELKO NV
238 AM PDT WED MAY 6 2015


...................................

...THE ELY AIRPORT NV CLIMATE SUMMARY FOR MAY 5 2015...

CLIMATE NORMAL PERIOD 1981 TO 2010
CLIMATE RECORD PERIOD 1893 TO 2015


WEATHER ITEM   OBSERVED TIME   RECORD YEAR NORMAL DEPARTURE LAST
                VALUE   (LST)  VALUE       VALUE  FROM      YEAR
                                                  NORMAL
..................................................................
TEMPERATURE (F)
 YESTERDAY
  MAXIMUM         65    217 PM  80    1992  64      1       67
  MINIMUM         37    500 AM  14    1965  31      6       37
  AVERAGE         51                        48      3       52

PRECIPITATION (IN)
  YESTERDAY        T             0.66 1977   0.04  -0.04     0.03
  MONTH TO DATE    T                         0.18  -0.18     0.03
  SINCE OCT 1      2.72                      5.80  -3.08     5.92
  SINCE JAN 1      1.55                      3.51  -1.96     3.24

SNOWFALL (IN)
  YESTERDAY        0.0           6.0  1964   0.1   -0.1      0.0
  MONTH TO DATE    0.0                       0.6   -0.6      0.0
  SINCE MAR 1      8.7                      14.1   -5.4     11.0
  SINCE JUL 1     19.7                      49.0  -29.3     50.1
  SNOW DEPTH       0

DEGREE DAYS
 HEATING
  YESTERDAY       14                        17     -3       13
  MONTH TO DATE   50                        89    -39       53
  SINCE MAR 1   1405                      1655   -250     1516
  SINCE JUL 1   5649                      6992  -1343     6535

 COOLING
  YESTERDAY        0                         0      0        0
  MONTH TO DATE    0                         0      0        0
  SINCE MAR 1      0                         0      0        0
  SINCE JAN 1      0                         0      0        0
..................................................................


WIND (MPH)
  HIGHEST WIND SPEED    23   HIGHEST WIND DIRECTION     N (20)
  HIGHEST GUST SPEED    28   HIGHEST GUST DIRECTION    NW (310)
  AVERAGE WIND SPEED     8.7



WEATHER CONDITIONS
 THE FOLLOWING WEATHER WAS RECORDED YESTERDAY.
  THUNDERSTORM
  LIGHT RAIN


RELATIVE HUMIDITY (PERCENT)
 HIGHEST    82           500 AM
 LOWEST     31          1000 AM
 AVERAGE    57

..........................................................


THE ELY AIRPORT NV CLIMATE NORMALS FOR TODAY
                         NORMAL    RECORD    YEAR
 MAXIMUM TEMPERATURE (F)   64        82      1989
 MINIMUM TEMPERATURE (F)   32         9      1965


SUNRISE AND SUNSET
MAY  6 2015...........SUNRISE   535 AM PDT   SUNSET   737 PM PDT
MAY  7 2015...........SUNRISE   534 AM PDT   SUNSET   738 PM PDT


-  INDICATES NEGATIVE NUMBERS.
R  INDICATES RECORD WAS SET OR TIED.
MM INDICATES DATA IS MISSING.
T  INDICATES TRACE AMOUNT.




$$
