000
CDUS43 KTOP 070635
CLIEMP


CLIMATE REPORT
NATIONAL WEATHER SERVICE TOPEKA KS
134 AM CDT THU MAY 7 2015


...................................

...THE EMPORIA KS CLIMATE SUMMARY FOR MAY 6 2015...

CLIMATE NORMAL PERIOD 1981 TO 2010
CLIMATE RECORD PERIOD 9999 TO 9999


WEATHER ITEM   OBSERVED NORMAL DEPARTURE LAST
                VALUE   VALUE  FROM      YEAR
                               NORMAL
...............................................
TEMPERATURE (F)
 YESTERDAY
  MAXIMUM         73     74     -1       88
  MINIMUM         59     52      7       60
  AVERAGE         66     63      3       74

PRECIPITATION (IN)
  YESTERDAY        0.49   0.16   0.33     0.00
  MONTH TO DATE    0.71   1.01  -0.30     0.00
  SINCE MAR 1      5.60   6.92  -1.32     2.06
  SINCE JAN 1      7.00   8.78  -1.78     2.55

DEGREE DAYS
 HEATING
  YESTERDAY        0      4     -4        0
  MONTH TO DATE    5     27    -22       30
  SINCE MAR 1    765    934   -169     1086
  SINCE JUL 1   4766   4756     10     5411

 COOLING
  YESTERDAY        1      2     -1        9
  MONTH TO DATE   21      7     14       28
  SINCE MAR 1     27     30     -3       46
  SINCE JAN 1     27     30     -3       46
...............................................


WIND (MPH)
  HIGHEST WIND SPEED    33   HIGHEST WIND DIRECTION     S (180)
  HIGHEST GUST SPEED    44   HIGHEST GUST DIRECTION     S (180)
  AVERAGE WIND SPEED    20.7


SKY COVER
  AVERAGE SKY COVER 0.9


WEATHER CONDITIONS
 THE FOLLOWING WEATHER WAS RECORDED YESTERDAY.
  RAIN
  LIGHT RAIN
  FOG


RELATIVE HUMIDITY (PERCENT)
 HIGHEST    93
 LOWEST     66
 AVERAGE    80

..........................................................


THE EMPORIA KS CLIMATE NORMALS FOR TODAY
                         NORMAL
 MAXIMUM TEMPERATURE (F)   74
 MINIMUM TEMPERATURE (F)   52


SUNRISE AND SUNSET
MAY  7 2015...........SUNRISE   622 AM CDT   SUNSET   822 PM CDT
MAY  8 2015...........SUNRISE   621 AM CDT   SUNSET   823 PM CDT


-  INDICATES NEGATIVE NUMBERS.
R  INDICATES RECORD WAS SET OR TIED.
MM INDICATES DATA IS MISSING.
T  INDICATES TRACE AMOUNT.




$$
