000
CDUS42 KMHX 250525
CLIEWN


CLIMATE REPORT
NATIONAL WEATHER SERVICE NEWPORT/MOREHEAD CITY NC
125 AM EDT SAT APR 25 2015


...................................

...THE NEW BERN NC CLIMATE SUMMARY FOR APRIL 24 2015...

CLIMATE NORMAL PERIOD 1981 TO 2010
CLIMATE RECORD PERIOD 1948 TO 2015


WEATHER ITEM   OBSERVED TIME   RECORD YEAR NORMAL DEPARTURE LAST
                VALUE   (LST)  VALUE       VALUE  FROM      YEAR
                                                  NORMAL
..................................................................
TEMPERATURE (F)
 YESTERDAY
  MAXIMUM         68    414 PM  94    1960  76     -8       73
  MINIMUM         47    554 AM  39    1963  52     -5       46
  AVERAGE         58                        64     -6       60

PRECIPITATION (IN)
  YESTERDAY        0.00          0.84 1977   0.11  -0.11     0.00
  MONTH TO DATE    2.00                      2.53  -0.53     3.55
  SINCE MAR 1      5.56                      6.92  -1.36     8.15
  SINCE JAN 1     13.93                     14.60  -0.67    14.68

SNOWFALL (IN)
  YESTERDAY        0.0
  MONTH TO DATE    0.0
  SINCE NOV 1      3.0
  SINCE JUL 1      3.0
  SNOW DEPTH       0

DEGREE DAYS
 HEATING
  YESTERDAY        7                         4      3        5
  MONTH TO DATE   61                       135    -74       99
  SINCE MAR 1    413                       504    -91      557
  SINCE JUL 1   2656                      2650      6     2631

 COOLING
  YESTERDAY        0                         3     -3        0
  MONTH TO DATE   65                        39     26       43
  SINCE MAR 1     88                        50     38       46
  SINCE JAN 1     95                        53     42       51
..................................................................


WIND (MPH)
  HIGHEST WIND SPEED    18   HIGHEST WIND DIRECTION     N (360)
  HIGHEST GUST SPEED    24   HIGHEST GUST DIRECTION     N (340)
  AVERAGE WIND SPEED     7.2


SKY COVER
  POSSIBLE SUNSHINE  MM
  AVERAGE SKY COVER 0.0


WEATHER CONDITIONS
 THE FOLLOWING WEATHER WAS RECORDED YESTERDAY.
  NO SIGNIFICANT WEATHER WAS OBSERVED.


RELATIVE HUMIDITY (PERCENT)
 HIGHEST    93           100 AM
 LOWEST     22           400 PM
 AVERAGE    58

..........................................................


THE NEW BERN NC CLIMATE NORMALS FOR TODAY
                         NORMAL    RECORD    YEAR
 MAXIMUM TEMPERATURE (F)   76        94      1960
 MINIMUM TEMPERATURE (F)   53        39      2005
                                             1969


SUNRISE AND SUNSET
APRIL 25 2015.........SUNRISE   624 AM EDT   SUNSET   749 PM EDT
APRIL 26 2015.........SUNRISE   623 AM EDT   SUNSET   750 PM EDT


-  INDICATES NEGATIVE NUMBERS.
R  INDICATES RECORD WAS SET OR TIED.
MM INDICATES DATA IS MISSING.
T  INDICATES TRACE AMOUNT.




$$
