000
CDAK49 PAFG 030931
CLIFAI

CLIMATE REPORT
NATIONAL WEATHER SERVICE FAIRBANKS AK
131 AM AKDT SUN MAY 3 2015

...................................

...THE FAIRBANKS AK CLIMATE SUMMARY FOR MAY 2 2015...

CLIMATE NORMAL PERIOD 1981 TO 2010
CLIMATE RECORD PERIOD 1904 TO 2015


WEATHER ITEM   OBSERVED TIME   RECORD YEAR NORMAL DEPARTURE LAST
                VALUE   (LST)  VALUE       VALUE  FROM      YEAR
                                                  NORMAL
..................................................................
TEMPERATURE (F)
 YESTERDAY
  MAXIMUM         58    522 PM  78    1995  55      3       73
  MINIMUM         30    445 AM   5    1945  32     -2       40
  AVERAGE         44                        43      1       57

PRECIPITATION (IN)
  YESTERDAY        0.00          0.09 1989   0.01  -0.01     0.00
  MONTH TO DATE    0.00                      0.03  -0.03     0.00
  SINCE MAR 1      0.65                      0.59   0.06     0.41
  SINCE JAN 1      1.28                      1.59  -0.31     1.03

SNOWFALL (IN)
  YESTERDAY        0.0           1.8  2002   0.0    0.0      0.0
  MONTH TO DATE    0.0                       0.1   -0.1      0.0
  SINCE MAR 1     10.2                       7.9    2.3      6.0
  SINCE JUL 1     43.8                      64.2  -20.4     48.9
  SNOW DEPTH       0

DEGREE DAYS
 HEATING
  YESTERDAY       21                        22     -1        8
  MONTH TO DATE   44                        44      0       22
  SINCE MAR 1   2412                      2678   -266     2523
  SINCE JUL 1  11879                     13068  -1189    11915

 COOLING
  YESTERDAY        0                         0      0        0
  MONTH TO DATE    0                         0      0        0
  SINCE MAR 1      0                         0      0        0
  SINCE JAN 1      0                         0      0        0
..................................................................


WIND (MPH)
  HIGHEST GUST SPEED    13   HIGHEST GUST DIRECTION    NE (60)


SKY COVER
  AVERAGE SKY COVER 0.4


WEATHER CONDITIONS
 THE FOLLOWING WEATHER WAS RECORDED YESTERDAY.
  NO SIGNIFICANT WEATHER WAS OBSERVED.


RELATIVE HUMIDITY (PERCENT)
 HIGHEST    78
 LOWEST     24
 AVERAGE    51

..........................................................


THE FAIRBANKS AK CLIMATE NORMALS FOR TODAY
                         NORMAL    RECORD    YEAR
 MAXIMUM TEMPERATURE (F)   55        72      2014
 MINIMUM TEMPERATURE (F)   32         0      1945


SUNRISE AND SUNSET
MAY 03 2015..........SUNRISE  512 AM AKDT   SUNSET  1028 PM AKDT
MAY 04 2015..........SUNRISE  508 AM AKDT   SUNSET  1032 PM AKDT


-  INDICATES NEGATIVE NUMBERS.
R  INDICATES RECORD WAS SET OR TIED.
MM INDICATES DATA IS MISSING.
T  INDICATES TRACE AMOUNT.

&&

SNOW DEPTH IS MEASURED AT 3AM AKST/4AM AKDT

----------------------------
AVAILABLE DAYLIGHT

AMOUNT OF DAYLIGHT TODAY  (HOUR:MIN)........17:16
GAIN SINCE YESTERDAY........................7 MINUTES
----------------------------

$$
SDB MAY 15
