000
CDUS46 KHNX 260825
CLIFAT


CLIMATE REPORT
NATIONAL WEATHER SERVICE SAN JOAQUIN VALLEY, CA
124 AM PDT SUN APR 26 2015


...................................

...THE FRESNO CA CLIMATE SUMMARY FOR APRIL 25 2015...

CLIMATE NORMAL PERIOD 1981 TO 2010
CLIMATE RECORD PERIOD 1887 TO 2015


WEATHER ITEM   OBSERVED TIME   RECORD YEAR NORMAL DEPARTURE
                VALUE   (LST)  VALUE       VALUE  FROM
                                                  NORMAL
...............................................................
TEMPERATURE (F)
 YESTERDAY
  MAXIMUM         68    447 PM 101    1898  78    -10
  MINIMUM         51    706 AM  36    1964  51      0
  AVERAGE         60                        64     -4

PRECIPITATION (IN)
  YESTERDAY        0.69          0.93 1952   0.02   0.67
  MONTH TO DATE    1.25                      0.82   0.43
  SINCE OCT 1      5.84                     10.54  -4.70
  SINCE JAN 1      2.65                      7.07  -4.42

SNOWFALL (IN)
  YESTERDAY        0.0
  MONTH TO DATE    0.0
  SINCE MAR 1      0.0
  SINCE JUL 1      0.0
  SNOW DEPTH       0

DEGREE DAYS
 HEATING
  YESTERDAY        5                                2
  MONTH TO DATE   82                              -43
  SINCE MAR 1    165                             -225
  SINCE JUL 1   1491                             -811

 COOLING
  YESTERDAY        0                               -2
  MONTH TO DATE   34                                1
  SINCE MAR 1     92                               54
  SINCE JAN 1     92                               54
...............................................................


WIND (MPH)
  HIGHEST WIND SPEED    21   HIGHEST WIND DIRECTION     W (290)
  HIGHEST GUST SPEED    25   HIGHEST GUST DIRECTION     W (280)
  AVERAGE WIND SPEED     8.4




RELATIVE HUMIDITY (PERCENT)
 HIGHEST    89
 LOWEST     43
 AVERAGE    66

..........................................................


THE FRESNO CA CLIMATE NORMALS FOR TODAY
                         NORMAL    RECORD    YEAR
 MAXIMUM TEMPERATURE (F)   78        98      1926
 MINIMUM TEMPERATURE (F)   52        37      1975


SUNRISE AND SUNSET
APRIL 26 2015.........SUNRISE   611 AM PDT   SUNSET   743 PM PDT
APRIL 27 2015.........SUNRISE   610 AM PDT   SUNSET   744 PM PDT


-  INDICATES NEGATIVE NUMBERS.
R  INDICATES RECORD WAS SET OR TIED.
MM INDICATES DATA IS MISSING.
T  INDICATES TRACE AMOUNT.




$$
