000
CDUS42 KRAH 060530
CLIFAY


CLIMATE REPORT
NATIONAL WEATHER SERVICE RALEIGH NC
127 AM EDT WED MAY 6 2015


...................................

...THE FAYETTEVILLE REGL AIRPORT NC CLIMATE SUMMARY FOR MAY 5 2015...

CLIMATE NORMAL PERIOD 1981 TO 2010
CLIMATE RECORD PERIOD 1910 TO 2015


WEATHER ITEM   OBSERVED TIME   RECORD YEAR NORMAL DEPARTURE LAST
                VALUE   (LST)  VALUE       VALUE  FROM      YEAR
                                                  NORMAL
..................................................................
TEMPERATURE (F)
 YESTERDAY
  MAXIMUM         83    421 PM  94    1934  80      3       86
  MINIMUM         54    558 AM  39    1940  55     -1       56
  AVERAGE         69                        68      1       71

PRECIPITATION (IN)
  YESTERDAY        0.00          2.08 1959   0.08  -0.08     0.00
  MONTH TO DATE    0.13                      0.32  -0.19      T
  SINCE MAR 1      5.49                      6.69  -1.20     7.62
  SINCE JAN 1     13.14                     12.75   0.39    14.34

DEGREE DAYS
 HEATING
  YESTERDAY        0                         2     -2        0
  MONTH TO DATE   10                        10      0        2
  SINCE MAR 1    446                       492    -46      606
  SINCE JUL 1   2942                      2717    225     2931

 COOLING
  YESTERDAY        4                         4      0        6
  MONTH TO DATE    6                        20    -14       22
  SINCE MAR 1     98                        99     -1      100
  SINCE JAN 1     98                       103     -5      103
..................................................................


WIND (MPH)
  HIGHEST WIND SPEED    15   HIGHEST WIND DIRECTION     S (180)
  HIGHEST GUST SPEED    19   HIGHEST GUST DIRECTION     S (180)
  AVERAGE WIND SPEED     4.3


SKY COVER
  POSSIBLE SUNSHINE  MM
  AVERAGE SKY COVER 0.0


WEATHER CONDITIONS
 THE FOLLOWING WEATHER WAS RECORDED YESTERDAY.
  FOG


RELATIVE HUMIDITY (PERCENT)
 HIGHEST    93           400 AM
 LOWEST     33           300 PM
 AVERAGE    63

..........................................................


THE FAYETTEVILLE REGL AIRPORT NC CLIMATE NORMALS FOR TODAY
                         NORMAL    RECORD    YEAR
 MAXIMUM TEMPERATURE (F)   80       100      1938
 MINIMUM TEMPERATURE (F)   56        40      1973


SUNRISE AND SUNSET
MAY  6 2015...........SUNRISE   620 AM EDT   SUNSET   805 PM EDT
MAY  7 2015...........SUNRISE   619 AM EDT   SUNSET   806 PM EDT


-  INDICATES NEGATIVE NUMBERS.
R  INDICATES RECORD WAS SET OR TIED.
MM INDICATES DATA IS MISSING.
T  INDICATES TRACE AMOUNT.




$$
