000
CDUS42 KMFL 012016
CLIFLL


CLIMATE REPORT
NATIONAL WEATHER SERVICE MIAMI, FL
416 PM EDT WED APR 1 2015


...................................

...THE FORT LAUDERDALE CLIMATE SUMMARY FOR APRIL 1 2015...
VALID TODAY AS OF 0400 PM LOCAL TIME.

CLIMATE NORMAL PERIOD 1981 TO 2010
CLIMATE RECORD PERIOD 1839 TO 2015


WEATHER ITEM   OBSERVED TIME   RECORD YEAR NORMAL DEPARTURE LAST
                VALUE   (LST)  VALUE       VALUE  FROM      YEAR
                                                  NORMAL
..................................................................
TEMPERATURE (F)
 TODAY
  MAXIMUM         84    116 PM  90    1985  81      3       79
                                      1939
  MINIMUM         65    638 AM  44    1839  68     -3       63
  AVERAGE         75                        75      0       71

PRECIPITATION (IN)
  TODAY            0.00          2.74 1962   0.14  -0.14     0.00
  MONTH TO DATE    0.00                      0.14  -0.14     0.00
  SINCE NOV 1     13.07                     15.79  -2.72    20.29
  SINCE JAN 1      7.96                     10.09  -2.13     8.17

SNOWFALL (IN)
  TODAY            0.0
  MONTH TO DATE    0.0
  SINCE MAR 1      0.0
  SINCE JUL 1      0.0
  SNOW DEPTH       0

DEGREE DAYS
 HEATING
  TODAY            0                         0      0        0
  MONTH TO DATE    0                         0      0        0
  SINCE MAR 1      0                         9     -9        1
  SINCE JUL 1     97                       111    -14       81

 COOLING
  TODAY           10                        10      0        6
  MONTH TO DATE   10                        10      0        6
  SINCE MAR 1    342                       264     78      278
  SINCE JAN 1    623                       620      3      666
..................................................................


WIND (MPH)
  HIGHEST WIND SPEED    15   HIGHEST WIND DIRECTION    SE (120)
  HIGHEST GUST SPEED    19   HIGHEST GUST DIRECTION     E (100)
  AVERAGE WIND SPEED     5.0


SKY COVER
  AVERAGE SKY COVER 0.3


WEATHER CONDITIONS
 THE FOLLOWING WEATHER WAS RECORDED TODAY.
  NO SIGNIFICANT WEATHER WAS OBSERVED.


RELATIVE HUMIDITY (PERCENT)
 HIGHEST    93
 LOWEST     43
 AVERAGE    68

..........................................................


THE FORT LAUDERDALE CLIMATE NORMALS FOR TOMORROW
                         NORMAL    RECORD    YEAR
 MAXIMUM TEMPERATURE (F)   81        92      1954
 MINIMUM TEMPERATURE (F)   68        45      1925


SUNRISE AND SUNSET
APRIL  1 2015.........SUNRISE   712 AM EDT   SUNSET   737 PM EDT
APRIL  2 2015.........SUNRISE   711 AM EDT   SUNSET   738 PM EDT


-  INDICATES NEGATIVE NUMBERS.
R  INDICATES RECORD WAS SET OR TIED.
MM INDICATES DATA IS MISSING.
T  INDICATES TRACE AMOUNT.




$$
