000
CDUS42 KILM 202045
CLIFLO


CLIMATE REPORT
NATIONAL WEATHER SERVICE WILMINGTON NC
445 PM EDT MON APR 20 2015


...................................

...THE FLORENCE SC CLIMATE SUMMARY FOR APRIL 20 2015...
VALID TODAY AS OF 0400 PM LOCAL TIME.

CLIMATE NORMAL PERIOD 1981 TO 2010
CLIMATE RECORD PERIOD 1948 TO 2015


WEATHER ITEM   OBSERVED TIME   RECORD YEAR NORMAL DEPARTURE LAST
                VALUE   (LST)  VALUE       VALUE  FROM      YEAR
                                                  NORMAL
..................................................................
TEMPERATURE (F)
 TODAY
  MAXIMUM         79   1241 PM  93    2002  77      2       68
  MINIMUM         64    237 AM  27    1983  52     12       49
  AVERAGE         72                        64      8       59

PRECIPITATION (IN)
  TODAY            0.00          1.19 1982   0.09  -0.09     0.10
  MONTH TO DATE    2.94                      1.72   1.22     3.82
  SINCE MAR 1      6.34                      5.05   1.29     8.37
  SINCE JAN 1     13.27                     11.20   2.07    14.09

SNOWFALL (IN)
  TODAY           MM
  MONTH TO DATE   MM
  SINCE MAR 1     MM
  SINCE JUL 1     MM
  SNOW DEPTH      MM

DEGREE DAYS
 HEATING
  TODAY            0                         3     -3        6
  MONTH TO DATE   26                        98    -72       84
  SINCE MAR 1    278                       408   -130      527
  SINCE JUL 1   2516                      2474     42     2656

 COOLING
  TODAY            7                         3      4        0
  MONTH TO DATE   88                        38     50       36
  SINCE MAR 1    112                        56     56       40
  SINCE JAN 1    115                        62     53       46
..................................................................


WIND (MPH)
  HIGHEST WIND SPEED    20   HIGHEST WIND DIRECTION    SW (220)
  HIGHEST GUST SPEED    26   HIGHEST GUST DIRECTION     S (200)
  AVERAGE WIND SPEED    10.6


SKY COVER
  POSSIBLE SUNSHINE  MM
  AVERAGE SKY COVER 0.6


WEATHER CONDITIONS
 THE FOLLOWING WEATHER WAS RECORDED TODAY.
  NO SIGNIFICANT WEATHER WAS OBSERVED.


RELATIVE HUMIDITY (PERCENT)
 HIGHEST    93          1200 AM
 LOWEST     62          1200 PM
 AVERAGE    78

..........................................................


THE FLORENCE SC CLIMATE NORMALS FOR TOMORROW
                         NORMAL    RECORD    YEAR
 MAXIMUM TEMPERATURE (F)   77        93      2002
 MINIMUM TEMPERATURE (F)   52        33      1983


SUNRISE AND SUNSET
APRIL 20 2015.........SUNRISE   642 AM EDT   SUNSET   754 PM EDT
APRIL 21 2015.........SUNRISE   641 AM EDT   SUNSET   755 PM EDT


-  INDICATES NEGATIVE NUMBERS.
R  INDICATES RECORD WAS SET OR TIED.
MM INDICATES DATA IS MISSING.
T  INDICATES TRACE AMOUNT.




$$
