000
CDUS42 KFFC 020035
CLIFTY


CLIMATE REPORT
NATIONAL WEATHER SERVICE PEACHTREE CITY GA
835 PM EDT WED APR 1 2015


...................................

...THE FULTON COUNTY AIRPORT CLIMATE SUMMARY FOR APRIL 1 2015...
VALID AS OF 0800 PM LOCAL TIME.

CLIMATE NORMAL PERIOD 1981 TO 2010
CLIMATE RECORD PERIOD 9999 TO 9999


WEATHER ITEM   OBSERVED TIME   RECORD YEAR NORMAL DEPARTURE LAST
                VALUE   (LST)  VALUE       VALUE  FROM      YEAR
                                                  NORMAL
..................................................................
TEMPERATURE (F)
 TODAY
  MAXIMUM         80    508 PM  MM      MM  70     10       83
  MINIMUM         56    727 AM  MM      MM  46     10       44
  AVERAGE         68                        58     10       64

PRECIPITATION (IN)
  TODAY            0.51         MM      MM   0.13   0.38     0.00
  MONTH TO DATE    0.51                      0.13   0.38     0.00
  SINCE MAR 1      2.94                      4.94  -2.00     3.02

SNOWFALL (IN)
  TODAY            0.0          MM      MM  MM     MM       MM
  MONTH TO DATE    0.0                      MM     MM       MM
  SINCE MAR 1      0.0                      MM     MM        0.0
  SINCE JUL 1      T                        MM     MM         T
  SNOW DEPTH      MM

DEGREE DAYS
 HEATING
  TODAY            0                         8     -8        1
  MONTH TO DATE    0                         8     -8        1
  SINCE MAR 1    275                       367    -92      413
  SINCE JUL 1   2863                      2707    156     2980

 COOLING
  TODAY            3                         0      3        0
  MONTH TO DATE    3                         0      3        0
  SINCE MAR 1      5                         6     -1        0
  SINCE JAN 1      5                         6     -1        0
..................................................................


WIND (MPH)
  RESULTANT WIND SPEED   3   RESULTANT WIND DIRECTION  NW (300)
  HIGHEST WIND SPEED    16   HIGHEST WIND DIRECTION    NW (300)
  HIGHEST GUST SPEED    19   HIGHEST GUST DIRECTION    NW (310)
  AVERAGE WIND SPEED     4.9


SKY COVER
  AVERAGE SKY COVER 0.1


WEATHER CONDITIONS
 THE FOLLOWING WEATHER WAS RECORDED TODAY.
  THUNDERSTORM
  HEAVY RAIN
  RAIN
  LIGHT RAIN
  FOG


RELATIVE HUMIDITY (PERCENT)
 HIGHEST    93           300 AM
 LOWEST     28           400 PM
 AVERAGE    61

..........................................................


THE FULTON COUNTY AIRPORT CLIMATE NORMALS FOR TOMORROW
                         NORMAL    RECORD    YEAR
 MAXIMUM TEMPERATURE (F)   70        MM        MM
 MINIMUM TEMPERATURE (F)   46        MM        MM


SUNRISE AND SUNSET
APRIL  1 2015.........SUNRISE   726 AM EDT   SUNSET   759 PM EDT
APRIL  2 2015.........SUNRISE   725 AM EDT   SUNSET   759 PM EDT


-  INDICATES NEGATIVE NUMBERS.
R  INDICATES RECORD WAS SET OR TIED.
MM INDICATES DATA IS MISSING.
T  INDICATES TRACE AMOUNT.




$$
