000
CDUS41 KCAR 280528
CLIFVE


CLIMATE REPORT
NATIONAL WEATHER SERVICE CARIBOU, ME
128 AM EDT TUE APR 28 2015


...................................

...THE FRENCHVILLE ME CLIMATE SUMMARY FOR APRIL 27 2015...

CLIMATE NORMAL PERIOD 1981 TO 2010
CLIMATE RECORD PERIOD 9999 TO 9999


WEATHER ITEM   OBSERVED TIME   RECORD YEAR NORMAL DEPARTURE LAST
                VALUE   (LST)  VALUE       VALUE  FROM      YEAR
                                                  NORMAL
..................................................................
TEMPERATURE (F)
 YESTERDAY
  MAXIMUM         51    328 PM              52     -1
  MINIMUM         35   1207 AM              34      1
  AVERAGE         43                        43      0

PRECIPITATION (IN)
  YESTERDAY        0.04         MM      MM   0.09  -0.05      T
  MONTH TO DATE    2.02                      2.53  -0.51     2.65
  SINCE MAR 1      2.23                      4.01  -1.78     3.68
  SINCE JAN 1      3.04                      6.58  -3.54     6.60

SNOWFALL (IN)
  YESTERDAY       MM            MM      MM  MM     MM       MM
  MONTH TO DATE   MM                        MM     MM       MM
  SINCE MAR 1     MM                        MM     MM       MM
  SINCE JUL 1     MM                        MM     MM       MM
  SNOW DEPTH      MM

DEGREE DAYS
 HEATING
  YESTERDAY       22                                0
  MONTH TO DATE  818                               41
  SINCE JUL 1   9398                              330

 COOLING
  YESTERDAY        0                                0
  MONTH TO DATE    0                                0
  SINCE JAN 1      0                                0
..................................................................


WIND (MPH)
  HIGHEST WIND SPEED    31   HIGHEST WIND DIRECTION    NE (40)
  HIGHEST GUST SPEED    46   HIGHEST GUST DIRECTION    NE (40)
  AVERAGE WIND SPEED    15.2




..........................................................


THE FRENCHVILLE ME CLIMATE NORMALS FOR TODAY
                         NORMAL
 MAXIMUM TEMPERATURE (F)   52
 MINIMUM TEMPERATURE (F)   35


SUNRISE AND SUNSET
APRIL 28 2015.........SUNRISE   522 AM EDT   SUNSET   740 PM EDT
APRIL 29 2015.........SUNRISE   521 AM EDT   SUNSET   741 PM EDT


-  INDICATES NEGATIVE NUMBERS.
R  INDICATES RECORD WAS SET OR TIED.
MM INDICATES DATA IS MISSING.
T  INDICATES TRACE AMOUNT.




$$
