000
CDUS43 KUNR 170831
CLIGCC


CLIMATE REPORT
NATIONAL WEATHER SERVICE RAPID CITY SD
231 AM MDT FRI APR 17 2015


...................................

...THE GILLETTE AIRPORT WY CLIMATE SUMMARY FOR APRIL 16 2015...

CLIMATE NORMAL PERIOD 1981 TO 2010
CLIMATE RECORD PERIOD 9999 TO 9999


WEATHER ITEM   OBSERVED TIME   NORMAL DEPARTURE LAST
                VALUE   (LST)  VALUE  FROM      YEAR
                                      NORMAL
......................................................
TEMPERATURE (F)
 YESTERDAY
  MAXIMUM         52    435 PM  56     -4       48
  MINIMUM         28   1130 PM  30     -2       29
  AVERAGE         40            43     -3       39

PRECIPITATION (IN)
  YESTERDAY        0.08          0.05   0.03      T
  MONTH TO DATE    0.51          0.59  -0.08     0.33
  SINCE MAR 1      0.96          1.55  -0.59     1.42
  SINCE JAN 1      1.81          2.33  -0.52     2.70

DEGREE DAYS
 HEATING
  YESTERDAY       25            22      3       26
  MONTH TO DATE  362           392    -30      387
  SINCE MAR 1   1059          1331   -272     1351
  SINCE JUL 1   6149          6739   -590     6996

 COOLING
  YESTERDAY        0             0      0        0
  MONTH TO DATE    0             0      0        0
  SINCE MAR 1      0             0      0        0
  SINCE JAN 1      0             0      0        0
......................................................


WIND (MPH)
  HIGHEST WIND SPEED    23   HIGHEST WIND DIRECTION    NW (300)
  HIGHEST GUST SPEED    28   HIGHEST GUST DIRECTION    NW (310)
  AVERAGE WIND SPEED    12.1


SKY COVER
  AVERAGE SKY COVER 0.6


WEATHER CONDITIONS
 THE FOLLOWING WEATHER WAS RECORDED YESTERDAY.
  LIGHT SNOW
  HAZE


RELATIVE HUMIDITY (PERCENT)
 HIGHEST    85          1000 PM
 LOWEST     38           300 PM
 AVERAGE    62

..........................................................




SUNRISE AND SUNSET
APRIL 17 2015.........SUNRISE   615 AM MDT   SUNSET   749 PM MDT
APRIL 18 2015.........SUNRISE   614 AM MDT   SUNSET   750 PM MDT


-  INDICATES NEGATIVE NUMBERS.
R  INDICATES RECORD WAS SET OR TIED.
MM INDICATES DATA IS MISSING.
T  INDICATES TRACE AMOUNT.




$$
