000
CDUS43 KFGF 252146
CLIGFK


CLIMATE REPORT
NATIONAL WEATHER SERVICE EASTERN NORTH DAKOTA/GRAND FORKS
446 PM CDT SAT APR 25 2015


...................................

...THE GRAND FORKS INTL AP ND CLIMATE SUMMARY FOR APRIL 25 2015...
VALID TODAY AS OF 0400 PM LOCAL TIME.

CLIMATE NORMAL PERIOD 1981 TO 2010
CLIMATE RECORD PERIOD 1941 TO 2015


WEATHER ITEM   OBSERVED TIME   RECORD YEAR NORMAL DEPARTURE LAST
                VALUE   (LST)  VALUE       VALUE  FROM      YEAR
                                                  NORMAL
..................................................................
TEMPERATURE (F)
 TODAY
  MAXIMUM         63    240 PM  81    1977  60      3       49
  MINIMUM         43    524 AM  18    1958  34      9       35
                                      1909
  AVERAGE         53                        47      6       42

PRECIPITATION (IN)
  TODAY            0.00          0.87 1935   0.05  -0.05     0.00
  MONTH TO DATE    0.56                      0.77  -0.21     0.94
  SINCE MAR 1      0.87                      1.73  -0.86     1.87
  SINCE JAN 1      1.69                      2.80  -1.11     2.94

SNOWFALL (IN)
  TODAY            0.0           3.0  1960   0.1   -0.1      0.0
  MONTH TO DATE    0.6                       2.4   -1.8      1.1
  SINCE MAR 1      2.7                       9.6   -6.9     14.6
  SINCE JUL 1     17.0                      46.8  -29.8     60.3
  SNOW DEPTH       0

DEGREE DAYS
 HEATING
  TODAY           12                        18     -6       23
  MONTH TO DATE  554                       610    -56      710
  SINCE MAR 1   1601                      1845   -244     2165
  SINCE JUL 1   8518                      8995   -477    10060

 COOLING
  TODAY            0                         0      0        0
  MONTH TO DATE    0                         0      0        0
  SINCE MAR 1      0                         0      0        0
  SINCE JAN 1      0                         0      0        0
..................................................................


WIND (MPH)
  HIGHEST WIND SPEED    15   HIGHEST WIND DIRECTION    SE (150)
  HIGHEST GUST SPEED    23   HIGHEST GUST DIRECTION    SE (150)
  AVERAGE WIND SPEED     8.7


SKY COVER
  POSSIBLE SUNSHINE  MM
  AVERAGE SKY COVER 0.9


WEATHER CONDITIONS
 THE FOLLOWING WEATHER WAS RECORDED TODAY.
  NO SIGNIFICANT WEATHER WAS OBSERVED.


RELATIVE HUMIDITY (PERCENT)
 HIGHEST    65           100 AM
 LOWEST     39           200 PM
 AVERAGE    52

..........................................................


THE GRAND FORKS INTL AP ND CLIMATE NORMALS FOR TOMORROW
                         NORMAL    RECORD    YEAR
 MAXIMUM TEMPERATURE (F)   61        90      1952
 MINIMUM TEMPERATURE (F)   34        18      2002
                                             1931


SUNRISE AND SUNSET
APRIL 25 2015.........SUNRISE   621 AM CDT   SUNSET   833 PM CDT
APRIL 26 2015.........SUNRISE   620 AM CDT   SUNSET   834 PM CDT


-  INDICATES NEGATIVE NUMBERS.
R  INDICATES RECORD WAS SET OR TIED.
MM INDICATES DATA IS MISSING.
T  INDICATES TRACE AMOUNT.




$$
