000
CDUS44 KSHV 242134
CLIGGG


CLIMATE REPORT
NATIONAL WEATHER SERVICE SHREVEPORT, LA
431 PM CDT FRI APR 24 2015


...................................

...THE LONGVIEW CLIMATE SUMMARY FOR APRIL 24 2015...
VALID TODAY AS OF 0400 PM LOCAL TIME.

CLIMATE NORMAL PERIOD 1981 TO 2010
CLIMATE RECORD PERIOD 1902 TO 2015


WEATHER ITEM   OBSERVED TIME   RECORD YEAR NORMAL DEPARTURE LAST
                VALUE   (LST)  VALUE       VALUE  FROM      YEAR
                                                  NORMAL
..................................................................
TEMPERATURE (F)
 TODAY
  MAXIMUM         76    149 PM  92    1935  78     -2       82
  MINIMUM         63    749 AM  38    2005  56      7       62
  AVERAGE         70                        67      3       72

PRECIPITATION (IN)
  TODAY            0.03          5.71 1966   0.11  -0.08      T
  MONTH TO DATE    4.81                      2.54   2.27     2.29
  SINCE DEC 1     24.16                     18.74   5.42    13.17
  SINCE JAN 1     21.86                     14.25   7.61     9.02

SNOWFALL (IN)
  TODAY            0.0
  MONTH TO DATE    0.0
  SINCE MAR 1      0.2
  SINCE JUL 1      3.1
  SNOW DEPTH       0

DEGREE DAYS
 HEATING
  TODAY            0                         1     -1        0
  MONTH TO DATE   30                        83    -53      107
  SINCE MAR 1    299                       338    -39      455
  SINCE JUL 1   2272                      2242     30     2579

 COOLING
  TODAY            5                         4      1        7
  MONTH TO DATE  115                        61     54       72
  SINCE MAR 1    140                        88     52       82
  SINCE JAN 1    140                       100     40       87
..................................................................


WIND (MPH)
  HIGHEST WIND SPEED    17   HIGHEST WIND DIRECTION    SE (130)
  HIGHEST GUST SPEED    22   HIGHEST GUST DIRECTION    SE (140)
  AVERAGE WIND SPEED     6.9


SKY COVER
  POSSIBLE SUNSHINE  MM
  AVERAGE SKY COVER 0.9


WEATHER CONDITIONS
 THE FOLLOWING WEATHER WAS RECORDED TODAY.
  LIGHT RAIN
  FOG


RELATIVE HUMIDITY (PERCENT)
 HIGHEST    93           200 AM
 LOWEST     73           100 PM
 AVERAGE    83

..........................................................


THE LONGVIEW CLIMATE NORMALS FOR TOMORROW
                         NORMAL    RECORD    YEAR
 MAXIMUM TEMPERATURE (F)   79        90      1943
 MINIMUM TEMPERATURE (F)   56        35      1910


SUNRISE AND SUNSET
APRIL 24 2015.........SUNRISE   640 AM CDT   SUNSET   755 PM CDT
APRIL 25 2015.........SUNRISE   639 AM CDT   SUNSET   756 PM CDT


-  INDICATES NEGATIVE NUMBERS.
R  INDICATES RECORD WAS SET OR TIED.
MM INDICATES DATA IS MISSING.
T  INDICATES TRACE AMOUNT.




$$
