000
CDUS45 KGGW 050741
CLIGGW


CLIMATE REPORT
NATIONAL WEATHER SERVICE GLASGOW MT
140 AM MDT TUE MAY 5 2015


...................................

...THE GLASGOW MT CLIMATE SUMMARY FOR MAY 4 2015...

CLIMATE NORMAL PERIOD 1981 TO 2010
CLIMATE RECORD PERIOD 1893 TO 2015


WEATHER ITEM   OBSERVED TIME   RECORD YEAR NORMAL DEPARTURE LAST
                VALUE   (LST)  VALUE       VALUE  FROM      YEAR
                                                  NORMAL
..................................................................
TEMPERATURE (F)
 YESTERDAY
  MAXIMUM         75    348 PM  91    1918  65     10       40
  MINIMUM         38    420 AM  20    2002  38      0       35
  AVERAGE         57                        51      6       38

PRECIPITATION (IN)
  YESTERDAY        0.00          0.45 1986   0.05  -0.05     0.16
  MONTH TO DATE    0.00                      0.18  -0.18     0.38
  SINCE OCT 1      4.26                      3.63   0.63     3.82
  SINCE JAN 1      3.00                      2.08   0.92     2.37

SNOWFALL (IN)
  YESTERDAY        0.0           0.4  1991   0.0    0.0       T
  MONTH TO DATE    0.0                       0.2   -0.2       T
  SINCE MAR 1      8.1                       6.8    1.3      6.6
  SINCE JUL 1     43.2                      33.8    9.4     30.4
  SNOW DEPTH       0

DEGREE DAYS
 HEATING
  YESTERDAY        8                        14     -6       27
  MONTH TO DATE   40                        58    -18       79
  SINCE MAR 1   1381                      1695   -314     1900
  SINCE JUL 1   7465                      8065   -600     8548

 COOLING
  YESTERDAY        0                         0      0        0
  MONTH TO DATE    0                         0      0        0
  SINCE MAR 1      0                         1     -1        0
  SINCE JAN 1      0                         1     -1        0
..................................................................


WIND (MPH)
  HIGHEST WIND SPEED    26   HIGHEST WIND DIRECTION    SE (150)
  HIGHEST GUST SPEED    35   HIGHEST GUST DIRECTION    SE (140)
  AVERAGE WIND SPEED    17.6


SKY COVER
  POSSIBLE SUNSHINE  MM
  AVERAGE SKY COVER 0.0


WEATHER CONDITIONS
 THE FOLLOWING WEATHER WAS RECORDED YESTERDAY.
  NO SIGNIFICANT WEATHER WAS OBSERVED.


RELATIVE HUMIDITY (PERCENT)
 HIGHEST    59           400 AM
 LOWEST     27           300 PM
 AVERAGE    43

..........................................................


THE GLASGOW MT CLIMATE NORMALS FOR TODAY
                         NORMAL    RECORD    YEAR
 MAXIMUM TEMPERATURE (F)   65        89      1918
                                             1897
 MINIMUM TEMPERATURE (F)   38        20      1913
                                             1906


SUNRISE AND SUNSET
MAY  5 2015...........SUNRISE   542 AM MDT   SUNSET   826 PM MDT
MAY  6 2015...........SUNRISE   540 AM MDT   SUNSET   827 PM MDT


-  INDICATES NEGATIVE NUMBERS.
R  INDICATES RECORD WAS SET OR TIED.
MM INDICATES DATA IS MISSING.
T  INDICATES TRACE AMOUNT.




$$
