000
CDUS45 KGJT 192330
CLIGJT


CLIMATE REPORT
NATIONAL WEATHER SERVICE GRAND JUNCTION CO
527 PM MDT SUN APR 19 2015


...................................

...THE GRAND JUNCTION CO CLIMATE SUMMARY FOR APRIL 19 2015...
VALID TODAY AS OF 0500 PM LOCAL TIME.

CLIMATE NORMAL PERIOD 1981 TO 2010
CLIMATE RECORD PERIOD 1893 TO 2015


WEATHER ITEM   OBSERVED TIME   RECORD YEAR NORMAL DEPARTURE LAST
                VALUE   (LST)  VALUE       VALUE  FROM      YEAR
                                                  NORMAL
..................................................................
TEMPERATURE (F)
 TODAY
  MAXIMUM         61    340 PM  86    1962  66     -5       65
  MINIMUM         32    448 AM  25    2013  39     -7       46
  AVERAGE         47                        53     -6       56

PRECIPITATION (IN)
  TODAY            0.00          0.49 1909   0.03  -0.03     0.06
  MONTH TO DATE    1.08                      0.60   0.48     0.64
  SINCE MAR 1      1.35                      1.52  -0.17     0.74
  SINCE JAN 1      2.21                      2.64  -0.43     2.12

SNOWFALL (IN)
  TODAY            0.0           0.9  1941   0.0    0.0      0.0
  MONTH TO DATE    2.0                       0.8    1.2       T
  SINCE MAR 1      3.9                       3.4    0.5       T
  SINCE JUL 1     12.5                      18.9   -6.4     25.7
  SNOW DEPTH       0

DEGREE DAYS
 HEATING
  TODAY           18                        12      6        9
  MONTH TO DATE  325                       285     40      303
  SINCE MAR 1    848                       938    -90      955
  SINCE JUL 1   4833                      5317   -484     5893

 COOLING
  TODAY            0                         0      0        0
  MONTH TO DATE    0                         0      0        0
  SINCE MAR 1      0                         0      0        0
  SINCE JAN 1      0                         0      0        0
..................................................................


WIND (MPH)
  HIGHEST WIND SPEED    17   HIGHEST WIND DIRECTION    SE (130)
  HIGHEST GUST SPEED    19   HIGHEST GUST DIRECTION    SE (120)
  AVERAGE WIND SPEED     6.7


SKY COVER
  POSSIBLE SUNSHINE  MM
  AVERAGE SKY COVER 0.3


WEATHER CONDITIONS
 THE FOLLOWING WEATHER WAS RECORDED TODAY.
  NO SIGNIFICANT WEATHER WAS OBSERVED.


RELATIVE HUMIDITY (PERCENT)
 HIGHEST   100          1200 AM
 LOWEST     36           300 PM
 AVERAGE    68

..........................................................


THE GRAND JUNCTION CO CLIMATE NORMALS FOR TOMORROW
                         NORMAL    RECORD    YEAR
 MAXIMUM TEMPERATURE (F)   67        85      1989
 MINIMUM TEMPERATURE (F)   39        25      1967


SUNRISE AND SUNSET
APRIL 19 2015.........SUNRISE   632 AM MDT   SUNSET   755 PM MDT
APRIL 20 2015.........SUNRISE   631 AM MDT   SUNSET   756 PM MDT


-  INDICATES NEGATIVE NUMBERS.
R  INDICATES RECORD WAS SET OR TIED.
MM INDICATES DATA IS MISSING.
T  INDICATES TRACE AMOUNT.




$$
