000
CDUS42 KGSP 060642
CLIGSP

CLIMATE REPORT
NATIONAL WEATHER SERVICE GREENVILLE-SPARTANBURG SC
239 AM EDT WED MAY 6 2015

...................................

...THE GREENVILLE-SPARTANBURG SC CLIMATE SUMMARY FOR MAY 5 2015...

CLIMATE NORMAL PERIOD 1981 TO 2010
CLIMATE RECORD PERIOD 1884 TO 2015


WEATHER ITEM   OBSERVED TIME   RECORD YEAR NORMAL DEPARTURE LAST
                VALUE   (LST)  VALUE       VALUE  FROM      YEAR
                                                  NORMAL
..................................................................
TEMPERATURE (F)
 YESTERDAY
  MAXIMUM         82    350 PM  91    2014  77      5       91
                                      1934
  MINIMUM         57    539 AM  35    1885  54      3       58
  AVERAGE         70                        66      4       75

PRECIPITATION (IN)
  YESTERDAY        0.00          3.19 2013   0.12  -0.12     0.00
  MONTH TO DATE    0.00                      0.61  -0.61     0.00
  SINCE MAR 1      8.27                      8.49  -0.22     9.14
  SINCE JAN 1     15.59                     16.28  -0.69    15.38

SNOWFALL (IN)
  YESTERDAY        0.0           0.0    MM   0.0    0.0      0.0
  MONTH TO DATE    0.0                       0.0    0.0      0.0
  SINCE MAR 1      0.0                       0.9   -0.9       T
  SINCE JUL 1      3.7                       4.7   -1.0      7.2
  SNOW DEPTH       0

DEGREE DAYS
 HEATING
  YESTERDAY        0                         2     -2        0
  MONTH TO DATE    8                        13     -5        9
  SINCE MAR 1    403                       570   -167      622
  SINCE JUL 1   3017                      3019     -2     3181

 COOLING
  YESTERDAY        5                         3      2       10
  MONTH TO DATE    8                        13     -5       16
  SINCE MAR 1     64                        61      3       58
  SINCE JAN 1     64                        61      3       58
..................................................................


WIND (MPH)
  HIGHEST WIND SPEED    14   HIGHEST WIND DIRECTION    SE (130)
  HIGHEST GUST SPEED    19   HIGHEST GUST DIRECTION    SE (140)
  AVERAGE WIND SPEED     4.5


SKY COVER
  POSSIBLE SUNSHINE  MM
  AVERAGE SKY COVER 0.1


WEATHER CONDITIONS
 THE FOLLOWING WEATHER WAS RECORDED YESTERDAY.
  NO SIGNIFICANT WEATHER WAS OBSERVED.


RELATIVE HUMIDITY (PERCENT)
 HIGHEST    93           500 AM
 LOWEST     39           400 PM
 AVERAGE    66

..........................................................


THE GREENVILLE-SPARTANBURG SC CLIMATE NORMALS FOR TODAY
                         NORMAL    RECORD    YEAR
 MAXIMUM TEMPERATURE (F)   78        92      1977
                                             1952
 MINIMUM TEMPERATURE (F)   54        36      1974


SUNRISE AND SUNSET
MAY  6 2015...........SUNRISE   633 AM EDT   SUNSET   818 PM EDT
MAY  7 2015...........SUNRISE   633 AM EDT   SUNSET   819 PM EDT


-  INDICATES NEGATIVE NUMBERS.
R  INDICATES RECORD WAS SET OR TIED.
MM INDICATES DATA IS MISSING.
T  INDICATES TRACE AMOUNT.

$$
