000
CDUS45 KTFX 172223
CLIGTF


CLIMATE REPORT
NATIONAL WEATHER SERVICE GREAT FALLS MT
422 PM MDT FRI APR 17 2015


...................................

...THE GREAT FALLS MT CLIMATE SUMMARY FOR APRIL 17 2015...
VALID TODAY AS OF 0400 PM LOCAL TIME.

CLIMATE NORMAL PERIOD 1981 TO 2010
CLIMATE RECORD PERIOD 1886 TO 2015


WEATHER ITEM   OBSERVED TIME   RECORD YEAR NORMAL DEPARTURE LAST
                VALUE   (LST)  VALUE       VALUE  FROM      YEAR
                                                  NORMAL
..................................................................
TEMPERATURE (F)
 TODAY
  MAXIMUM         68    252 PM  82    1936  56     12       60
  MINIMUM         31    429 AM  12    1968  31      0       33
                                      1896
  AVERAGE         50                        43      7       47

PRECIPITATION (IN)
  TODAY            0.00          0.56 1971   0.05  -0.05     0.03
  MONTH TO DATE    0.53                      0.76  -0.23     0.52
  SINCE OCT 1      4.97                      4.65   0.32     6.30
  SINCE JAN 1      2.02                      2.65  -0.63     4.25

SNOWFALL (IN)
  TODAY            0.0           5.4  2011   0.3   -0.3      0.0
  MONTH TO DATE    0.8                       5.3   -4.5      2.4
  SINCE MAR 1      1.6                      17.2  -15.6     15.2
  SINCE JUL 1     57.9                      57.2    0.7     72.7
  SNOW DEPTH       0

DEGREE DAYS
 HEATING
  TODAY           15                        22     -7       18
  MONTH TO DATE  397                       404     -7      397
  SINCE MAR 1   1053                      1357   -304     1481
  SINCE JUL 1   6191                      6862   -671     7135

 COOLING
  TODAY            0                         0      0        0
  MONTH TO DATE    0                         0      0        0
  SINCE MAR 1      0                         0      0        0
  SINCE JAN 1      0                         0      0        0
..................................................................


WIND (MPH)
  HIGHEST WIND SPEED    15   HIGHEST WIND DIRECTION    SW (230)
  HIGHEST GUST SPEED    20   HIGHEST GUST DIRECTION    SW (230)
  AVERAGE WIND SPEED     9.4


SKY COVER
  AVERAGE SKY COVER 0.0


WEATHER CONDITIONS
 THE FOLLOWING WEATHER WAS RECORDED TODAY.
  NO SIGNIFICANT WEATHER WAS OBSERVED.


RELATIVE HUMIDITY (PERCENT)
 HIGHEST    70           500 AM
 LOWEST     22           200 PM
 AVERAGE    46

..........................................................


THE GREAT FALLS MT CLIMATE NORMALS FOR TOMORROW
                         NORMAL    RECORD    YEAR
 MAXIMUM TEMPERATURE (F)   56        86      1936
 MINIMUM TEMPERATURE (F)   31         6      1951


SUNRISE AND SUNSET
APRIL 17 2015.........SUNRISE   633 AM MDT   SUNSET   818 PM MDT
APRIL 18 2015.........SUNRISE   632 AM MDT   SUNSET   819 PM MDT


-  INDICATES NEGATIVE NUMBERS.
R  INDICATES RECORD WAS SET OR TIED.
MM INDICATES DATA IS MISSING.
T  INDICATES TRACE AMOUNT.




$$
